CRAN Package Check Results for Package hsstan

Last updated on 2021-09-24 17:50:18 CEST.

Flavor Version Tinstall Tcheck Ttotal Status Flags
r-devel-linux-x86_64-debian-clang 0.8.1 469.02 129.93 598.95 OK
r-devel-linux-x86_64-debian-gcc 0.8.1 375.51 120.60 496.11 OK
r-devel-linux-x86_64-fedora-clang 0.8.1 825.88 NOTE
r-devel-linux-x86_64-fedora-gcc 0.8.1 916.16 NOTE
r-devel-windows-x86_64 0.8.1 378.00 204.00 582.00 OK
r-devel-windows-x86_64-gcc10-UCRT 0.8.1 WARN
r-patched-linux-x86_64 0.8.1 434.12 150.23 584.35 OK
r-patched-solaris-x86 0.8.1 729.30 NOTE
r-release-linux-x86_64 0.8.1 353.06 150.87 503.93 OK
r-release-macos-arm64 0.8.1 NOTE
r-release-macos-x86_64 0.8.1 NOTE
r-release-windows-ix86+x86_64 0.8.1 774.00 385.00 1159.00 NOTE
r-oldrel-macos-x86_64 0.8.1 NOTE
r-oldrel-windows-ix86+x86_64 0.8.1 762.00 377.00 1139.00 NOTE

Check Details

Version: 0.8.1
Check: installed package size
Result: NOTE
     installed size is 57.5Mb
     sub-directories of 1Mb or more:
     libs 56.9Mb
Flavors: r-devel-linux-x86_64-fedora-clang, r-release-macos-arm64, r-release-macos-x86_64, r-release-windows-ix86+x86_64, r-oldrel-macos-x86_64, r-oldrel-windows-ix86+x86_64

Version: 0.8.1
Check: dependencies in R code
Result: NOTE
    Namespace in Imports field not imported from: ‘RcppParallel’
     All declared Imports should be used.
Flavors: r-devel-linux-x86_64-fedora-clang, r-devel-linux-x86_64-fedora-gcc, r-devel-windows-x86_64-gcc10-UCRT, r-patched-solaris-x86, r-release-macos-arm64, r-release-macos-x86_64, r-oldrel-macos-x86_64

Version: 0.8.1
Check: for GNU extensions in Makefiles
Result: NOTE
    GNU make is a SystemRequirements.
Flavors: r-devel-linux-x86_64-fedora-clang, r-devel-linux-x86_64-fedora-gcc, r-devel-windows-x86_64-gcc10-UCRT, r-release-macos-arm64, r-release-macos-x86_64, r-oldrel-macos-x86_64

Version: 0.8.1
Check: line endings in C/C++/Fortran sources/headers
Result: NOTE
    Found the following sources/headers with CR or CRLF line endings:
     src/RcppExports.cpp
     src/stanExports_base0.cc
     src/stanExports_base0.h
     src/stanExports_base0_logit.cc
     src/stanExports_base0_logit.h
     src/stanExports_hs.cc
     src/stanExports_hs.h
     src/stanExports_hs_logit.cc
     src/stanExports_hs_logit.h
    Some Unix compilers require LF line endings.
Flavor: r-devel-windows-x86_64-gcc10-UCRT

Version: 0.8.1
Check: line endings in Makefiles
Result: WARN
    Found the following Makefile(s) with CR or CRLF line endings:
     src/Makevars
    Some Unix 'make' programs require LF line endings.
Flavor: r-devel-windows-x86_64-gcc10-UCRT