CRAN Package Check Results for Package html2R

Last updated on 2022-10-02 07:54:27 CEST.

Flavor Version Tinstall Tcheck Ttotal Status Flags
r-devel-linux-x86_64-debian-clang 0.1.0 4.54 39.64 44.18 NOTE
r-devel-linux-x86_64-debian-gcc 0.1.0 3.52 31.09 34.61 NOTE
r-devel-linux-x86_64-fedora-clang 0.1.0 67.36 NOTE
r-devel-linux-x86_64-fedora-gcc 0.1.0 68.42 NOTE
r-devel-windows-x86_64 0.1.0 12.00 65.00 77.00 NOTE
r-patched-linux-x86_64 0.1.0 4.14 38.57 42.71 NOTE
r-release-linux-x86_64 0.1.0 4.00 39.14 43.14 NOTE
r-release-macos-arm64 0.1.0 21.00 NOTE
r-release-macos-x86_64 0.1.0 36.00 NOTE
r-release-windows-x86_64 0.1.0 9.00 64.00 73.00 NOTE
r-oldrel-macos-arm64 0.1.0 25.00 NOTE
r-oldrel-macos-x86_64 0.1.0 35.00 NOTE
r-oldrel-windows-ix86+x86_64 0.1.0 13.00 63.00 76.00 NOTE

Check Details

Version: 0.1.0
Check: LazyData
Result: NOTE
     'LazyData' is specified without a 'data' directory
Flavors: r-devel-linux-x86_64-debian-clang, r-devel-linux-x86_64-debian-gcc, r-devel-linux-x86_64-fedora-clang, r-devel-linux-x86_64-fedora-gcc, r-devel-windows-x86_64, r-patched-linux-x86_64, r-release-linux-x86_64, r-release-macos-arm64, r-release-macos-x86_64, r-release-windows-x86_64, r-oldrel-macos-arm64, r-oldrel-macos-x86_64, r-oldrel-windows-ix86+x86_64