CRAN Package Check Results for Package htmltab

Last updated on 2021-09-17 09:53:25 CEST.

Flavor Version Tinstall Tcheck Ttotal Status Flags
r-devel-linux-x86_64-debian-clang 0.8.1 3.22 33.11 36.33 NOTE
r-devel-linux-x86_64-debian-gcc 0.8.1 2.47 24.73 27.20 WARN
r-devel-linux-x86_64-fedora-clang 0.8.2 51.93 OK
r-devel-linux-x86_64-fedora-gcc 0.8.2 41.99 OK
r-devel-windows-x86_64 0.8.1 5.00 58.00 63.00 NOTE
r-devel-windows-x86_64-gcc10-UCRT 0.8.1 WARN
r-patched-linux-x86_64 0.8.1 3.20 30.53 33.73 WARN
r-patched-solaris-x86 0.8.2 57.50 OK
r-release-linux-x86_64 0.8.1 3.26 30.41 33.67 WARN
r-release-macos-arm64 0.8.1 NOTE
r-release-macos-x86_64 0.8.1 NOTE
r-release-windows-ix86+x86_64 0.8.1 7.00 50.00 57.00 NOTE
r-oldrel-macos-x86_64 0.8.1 OK
r-oldrel-windows-ix86+x86_64 0.8.1 5.00 51.00 56.00 OK

Check Details

Version: 0.8.1
Check: LazyData
Result: NOTE
     'LazyData' is specified without a 'data' directory
Flavors: r-devel-linux-x86_64-debian-clang, r-devel-linux-x86_64-debian-gcc, r-devel-windows-x86_64, r-devel-windows-x86_64-gcc10-UCRT, r-patched-linux-x86_64, r-release-linux-x86_64, r-release-macos-arm64, r-release-macos-x86_64, r-release-windows-ix86+x86_64

Version: 0.8.1
Check: re-building of vignette outputs
Result: WARN
    Error(s) in re-building vignettes:
     ...
    --- re-building ‘htmltab.Rmd’ using rmarkdown
    Quitting from lines 70-76 (htmltab.Rmd)
    Error: processing vignette 'htmltab.Rmd' failed with diagnostics:
    Couldn't find the table. Try passing (different) information to the which argument.
    --- failed re-building ‘htmltab.Rmd’
    
    SUMMARY: processing the following file failed:
     ‘htmltab.Rmd’
    
    Error: Vignette re-building failed.
    Execution halted
Flavors: r-devel-linux-x86_64-debian-gcc, r-patched-linux-x86_64, r-release-linux-x86_64

Version: 0.8.1
Check: re-building of vignette outputs
Result: WARN
    Error(s) in re-building vignettes:
    --- re-building 'htmltab.Rmd' using rmarkdown
    Quitting from lines 70-76 (htmltab.Rmd)
    Error: processing vignette 'htmltab.Rmd' failed with diagnostics:
    Couldn't find the table. Try passing (different) information to the which argument.
    --- failed re-building 'htmltab.Rmd'
    
    SUMMARY: processing the following file failed:
     'htmltab.Rmd'
    
    Error: Vignette re-building failed.
    Execution halted
Flavor: r-devel-windows-x86_64-gcc10-UCRT