CRAN Package Check Results for Package htmltidy

Last updated on 2018-10-17 09:49:09 CEST.

Flavor Version Tinstall Tcheck Ttotal Status Flags
r-devel-linux-x86_64-debian-clang 0.4.0 44.03 33.68 77.71 WARN
r-devel-linux-x86_64-debian-gcc 0.4.0 35.49 27.39 62.88 OK
r-devel-linux-x86_64-fedora-clang 0.4.0 105.54 WARN
r-devel-linux-x86_64-fedora-gcc 0.4.0 93.60 OK
r-devel-windows-ix86+x86_64 0.4.0 126.00 92.00 218.00 OK
r-patched-linux-x86_64 0.4.0 41.04 29.22 70.26 OK
r-patched-solaris-x86 0.4.0 99.10 OK
r-release-linux-x86_64 0.4.0 45.71 28.93 74.64 OK
r-release-windows-ix86+x86_64 0.4.0 110.00 89.00 199.00 OK
r-release-osx-x86_64 0.4.0 OK
r-oldrel-windows-ix86+x86_64 0.4.0 140.00 64.00 204.00 OK
r-oldrel-osx-x86_64 0.4.0 OK

Check Details

Version: 0.4.0
Check: whether package can be installed
Result: WARN
    Found the following significant warnings:
     language.c:41:5: warning: flexible array initialization is a GNU extension [-Wgnu-flexible-array-initializer]
Flavors: r-devel-linux-x86_64-debian-clang, r-devel-linux-x86_64-fedora-clang