CRAN Package Check Results for Package htmltidy

Last updated on 2018-07-18 15:48:14 CEST.

Flavor Version Tinstall Tcheck Ttotal Status Flags
r-devel-linux-x86_64-debian-clang 0.4.0 41.06 32.71 73.77 WARN
r-devel-linux-x86_64-debian-gcc 0.4.0 31.51 26.58 58.09 OK
r-devel-linux-x86_64-fedora-clang 0.4.0 106.33 WARN
r-devel-linux-x86_64-fedora-gcc 0.4.0 91.50 OK
r-devel-windows-ix86+x86_64 0.4.0 137.00 89.00 226.00 OK
r-patched-linux-x86_64 0.4.0 43.01 29.29 72.30 OK
r-patched-solaris-x86 0.4.0 98.80 OK
r-release-linux-x86_64 0.4.0 45.29 29.21 74.50 OK
r-release-windows-ix86+x86_64 0.4.0 136.00 89.00 225.00 OK
r-release-osx-x86_64 0.4.0 OK
r-oldrel-windows-ix86+x86_64 0.4.0 133.00 75.00 208.00 OK
r-oldrel-osx-x86_64 0.4.0 OK

Check Details

Version: 0.4.0
Check: whether package can be installed
Result: WARN
    Found the following significant warnings:
     language.c:41:5: warning: flexible array initialization is a GNU extension [-Wgnu-flexible-array-initializer]
Flavors: r-devel-linux-x86_64-debian-clang, r-devel-linux-x86_64-fedora-clang