CRAN Package Check Results for Package htmltidy

Last updated on 2017-12-16 09:51:02 CET.

Flavor Version Tinstall Tcheck Ttotal Status Flags
r-devel-linux-x86_64-debian-clang 0.4.0 35.02 28.16 63.18 WARN
r-devel-linux-x86_64-debian-gcc 0.4.0 30.95 23.29 54.24 OK
r-devel-linux-x86_64-fedora-clang 0.4.0 86.25 WARN
r-devel-linux-x86_64-fedora-gcc 0.4.0 83.37 OK
r-devel-windows-ix86+x86_64 0.4.0 138.00 56.00 194.00 OK
r-patched-linux-x86_64 0.4.0 37.22 28.69 65.91 OK
r-patched-solaris-x86 0.4.0 93.00 OK
r-release-linux-x86_64 0.4.0 36.70 27.99 64.69 OK
r-release-windows-ix86+x86_64 0.4.0 99.00 55.00 154.00 OK
r-release-osx-x86_64 0.4.0 OK
r-oldrel-windows-ix86+x86_64 0.4.0 133.00 82.00 215.00 OK
r-oldrel-osx-x86_64 0.4.0 OK

Check Details

Version: 0.4.0
Check: whether package can be installed
Result: WARN
    Found the following significant warnings:
     language.c:41:5: warning: flexible array initialization is a GNU extension [-Wgnu-flexible-array-initializer]
Flavors: r-devel-linux-x86_64-debian-clang, r-devel-linux-x86_64-fedora-clang