CRAN Package Check Results for Package htmltools

Last updated on 2024-06-17 01:48:31 CEST.

Flavor Version Tinstall Tcheck Ttotal Status Flags
r-devel-linux-x86_64-debian-clang 0.5.8.1 8.95 97.48 106.43 NOTE
r-devel-linux-x86_64-debian-gcc 0.5.8.1 5.68 72.33 78.01 NOTE
r-devel-linux-x86_64-fedora-clang 0.5.8.1 133.28 NOTE
r-devel-linux-x86_64-fedora-gcc 0.5.8.1 126.24 NOTE
r-devel-windows-x86_64 0.5.8.1 11.00 98.00 109.00 NOTE
r-patched-linux-x86_64 0.5.8.1 9.69 94.95 104.64 OK
r-release-linux-x86_64 0.5.8.1 6.52 94.34 100.86 OK
r-release-macos-arm64 0.5.8.1 33.00 OK
r-release-macos-x86_64 0.5.8.1 56.00 OK
r-release-windows-x86_64 0.5.8.1 11.00 97.00 108.00 OK
r-oldrel-macos-arm64 0.5.8.1 45.00 OK
r-oldrel-macos-x86_64 0.5.8.1 106.00 OK
r-oldrel-windows-x86_64 0.5.8.1 13.00 120.00 133.00 OK

Check Details

Version: 0.5.8.1
Check: compiled code
Result: NOTE File ‘htmltools/libs/htmltools.so’: Found non-API calls to R: ‘SETLENGTH’, ‘SET_TRUELENGTH’ Compiled code should not call non-API entry points in R. See ‘Writing portable packages’ in the ‘Writing R Extensions’ manual. Flavors: r-devel-linux-x86_64-debian-clang, r-devel-linux-x86_64-debian-gcc, r-devel-linux-x86_64-fedora-clang, r-devel-linux-x86_64-fedora-gcc

Version: 0.5.8.1
Check: compiled code
Result: NOTE File 'htmltools/libs/x64/htmltools.dll': Found non-API calls to R: 'SETLENGTH', 'SET_TRUELENGTH' Compiled code should not call non-API entry points in R. See 'Writing portable packages' in the 'Writing R Extensions' manual. Flavor: r-devel-windows-x86_64