CRAN Package Check Results for Package htmltools

Last updated on 2019-12-15 17:49:03 CET.

Flavor Version Tinstall Tcheck Ttotal Status Flags
r-devel-linux-x86_64-debian-clang 0.4.0 20.59 34.24 54.83 OK
r-devel-linux-x86_64-debian-gcc 0.4.0 12.35 27.27 39.62 OK
r-devel-linux-x86_64-fedora-clang 0.4.0 72.70 OK
r-devel-linux-x86_64-fedora-gcc 0.4.0 67.72 OK
r-devel-windows-ix86+x86_64 0.4.0 1.00 7.00 8.00 ERROR
r-devel-windows-ix86+x86_64-gcc8 0.4.0 41.00 104.00 145.00 OK
r-patched-linux-x86_64 0.4.0 14.90 31.29 46.19 OK
r-patched-solaris-x86 0.4.0 77.50 OK
r-release-linux-x86_64 0.4.0 14.51 31.03 45.54 OK
r-release-windows-ix86+x86_64 0.4.0 34.00 71.00 105.00 OK
r-release-osx-x86_64 0.4.0 OK
r-oldrel-windows-ix86+x86_64 0.4.0 31.00 62.00 93.00 OK
r-oldrel-osx-x86_64 0.4.0 OK

Check Details

Version: 0.4.0
Check: whether package can be installed
Result: ERROR
    Installation failed.
Flavor: r-devel-windows-ix86+x86_64