CRAN Package Check Results for Package hts

Last updated on 2017-05-28 09:48:02.

Flavor Version Tinstall Tcheck Ttotal Status Flags
r-devel-linux-x86_64-debian-clang 5.0 17.55 52.94 70.49 NOTE
r-devel-linux-x86_64-debian-gcc 5.0 18.25 52.89 71.14 NOTE
r-devel-linux-x86_64-fedora-clang 5.0 148.26 NOTE
r-devel-linux-x86_64-fedora-gcc 5.0 145.97 NOTE
r-devel-windows-ix86+x86_64 5.0 45.00 137.00 182.00 OK
r-patched-linux-x86_64 5.0 16.33 56.27 72.59 NOTE
r-patched-solaris-sparc 5.0 806.30 OK
r-patched-solaris-x86 5.0 183.30 OK
r-release-linux-x86_64 5.0 15.15 52.77 67.92 NOTE
r-release-windows-ix86+x86_64 5.0 46.00 132.00 178.00 OK
r-release-osx-x86_64 5.0 OK
r-oldrel-windows-ix86+x86_64 5.0 55.00 120.00 175.00 OK
r-oldrel-osx-x86_64 5.0 OK

Check Details

Version: 5.0
Check: compiled code
Result: NOTE
    File ‘hts/libs/hts.so’:
     Found no calls to: ‘R_registerRoutines’, ‘R_useDynamicSymbols’
    
    It is good practice to register native routines and to disable symbol
    search.
    
    See ‘Writing portable packages’ in the ‘Writing R Extensions’ manual.
Flavors: r-devel-linux-x86_64-debian-clang, r-devel-linux-x86_64-debian-gcc, r-devel-linux-x86_64-fedora-clang, r-devel-linux-x86_64-fedora-gcc, r-patched-linux-x86_64, r-release-linux-x86_64