CRAN Package Check Results for Package httpgd

Last updated on 2021-10-26 10:04:28 CEST.

Flavor Version Tinstall Tcheck Ttotal Status Flags
r-devel-linux-x86_64-debian-clang 1.2.1 183.20 35.43 218.63 OK
r-devel-linux-x86_64-debian-gcc 1.2.1 156.59 27.72 184.31 OK
r-devel-linux-x86_64-fedora-clang 1.2.1 355.38 NOTE
r-devel-linux-x86_64-fedora-gcc 1.2.1 348.51 OK
r-devel-windows-x86_64 1.2.1 245.00 80.00 325.00 OK
r-devel-windows-x86_64-gcc10-UCRT 1.2.1 OK
r-patched-linux-x86_64 1.2.1 193.17 33.89 227.06 OK
r-release-linux-x86_64 1.2.1 179.71 33.71 213.42 OK
r-release-macos-arm64 1.2.1 NOTE
r-release-macos-x86_64 1.2.1 NOTE
r-release-windows-ix86+x86_64 1.2.1 364.00 109.00 473.00 NOTE
r-oldrel-macos-x86_64 1.2.1 NOTE
r-oldrel-windows-ix86+x86_64 1.2.1 511.00 120.00 631.00 NOTE

Check Details

Version: 1.2.1
Check: installed package size
Result: NOTE
     installed size is 32.5Mb
     sub-directories of 1Mb or more:
     libs 32.2Mb
Flavors: r-devel-linux-x86_64-fedora-clang, r-release-macos-arm64, r-release-macos-x86_64, r-release-windows-ix86+x86_64, r-oldrel-macos-x86_64, r-oldrel-windows-ix86+x86_64