CRAN Package Check Results for Package httptest2

Last updated on 2022-11-27 06:52:59 CET.

Flavor Version Tinstall Tcheck Ttotal Status Flags
r-devel-linux-x86_64-debian-clang 0.1.0 4.21 61.98 66.19 OK
r-devel-linux-x86_64-debian-gcc 0.1.0 3.29 47.61 50.90 OK
r-devel-linux-x86_64-fedora-clang 0.1.0 92.96 OK
r-devel-linux-x86_64-fedora-gcc 0.1.0 94.47 OK
r-devel-windows-x86_64 0.1.0 27.00 108.00 135.00 OK
r-patched-linux-x86_64 0.1.0 4.34 58.89 63.23 OK
r-release-linux-x86_64 0.1.0 2.91 56.53 59.44 OK
r-release-macos-arm64 0.1.0 28.00 OK
r-release-macos-x86_64 0.1.0 56.00 OK
r-release-windows-x86_64 0.1.0 39.00 110.00 149.00 OK
r-oldrel-macos-arm64 0.1.0 25.00 OK
r-oldrel-macos-x86_64 0.1.0 40.00 OK
r-oldrel-windows-ix86+x86_64 0.1.0 11.00 102.00 113.00 WARN

Check Details

Version: 0.1.0
Check: for unstated dependencies in ‘tests’
Result: WARN
    Warning: unable to access index for repository https://bioconductor.org/packages/3.14/bioc/src/contrib:
     cannot open URL 'https://bioconductor.org/packages/3.14/bioc/src/contrib/PACKAGES'
    Warning: unable to access index for repository https://bioconductor.org/packages/3.14/data/annotation/src/contrib:
     cannot open URL 'https://bioconductor.org/packages/3.14/data/annotation/src/contrib/PACKAGES'
    Warning: unable to access index for repository https://bioconductor.org/packages/3.14/data/experiment/src/contrib:
     cannot open URL 'https://bioconductor.org/packages/3.14/data/experiment/src/contrib/PACKAGES'
Flavor: r-oldrel-windows-ix86+x86_64