CRAN Package Check Results for Package httpuv

Last updated on 2020-09-25 06:50:00 CEST.

Flavor Version Tinstall Tcheck Ttotal Status Flags
r-devel-linux-x86_64-debian-clang 1.5.4 276.90 39.95 316.85 NOTE
r-devel-linux-x86_64-debian-gcc 1.5.4 203.11 31.79 234.90 NOTE
r-devel-linux-x86_64-fedora-clang 1.5.4 447.57 NOTE
r-devel-linux-x86_64-fedora-gcc 1.5.4 401.67 NOTE
r-devel-windows-ix86+x86_64 1.5.4 685.00 108.00 793.00 NOTE
r-patched-linux-x86_64 1.5.4 210.40 38.98 249.38 NOTE
r-patched-solaris-x86 1.5.4 328.60 NOTE
r-release-linux-x86_64 1.5.4 205.86 38.90 244.76 NOTE
r-release-macos-x86_64 1.5.4 NOTE
r-release-windows-ix86+x86_64 1.5.4 600.00 104.00 704.00 NOTE
r-oldrel-macos-x86_64 1.5.4 NOTE
r-oldrel-windows-ix86+x86_64 1.5.4 585.00 95.00 680.00 NOTE

Check Details

Version: 1.5.4
Check: for GNU extensions in Makefiles
Result: NOTE
    GNU make is a SystemRequirements.
Flavors: r-devel-linux-x86_64-debian-clang, r-devel-linux-x86_64-debian-gcc, r-devel-linux-x86_64-fedora-clang, r-devel-linux-x86_64-fedora-gcc, r-devel-windows-ix86+x86_64, r-patched-linux-x86_64, r-patched-solaris-x86, r-release-linux-x86_64, r-release-macos-x86_64, r-release-windows-ix86+x86_64, r-oldrel-macos-x86_64, r-oldrel-windows-ix86+x86_64

Version: 1.5.4
Check: installed package size
Result: NOTE
     installed size is 10.9Mb
     sub-directories of 1Mb or more:
     libs 10.5Mb
Flavors: r-devel-linux-x86_64-fedora-clang, r-release-macos-x86_64, r-oldrel-macos-x86_64