CRAN Package Check Results for Package httr

Last updated on 2019-09-16 02:47:45 CEST.

Flavor Version Tinstall Tcheck Ttotal Status Flags
r-devel-linux-x86_64-debian-clang 1.4.1 7.06 48.46 55.52 OK
r-devel-linux-x86_64-debian-gcc 1.4.1 6.01 38.12 44.13 OK
r-devel-linux-x86_64-fedora-clang 1.4.1 67.72 OK
r-devel-linux-x86_64-fedora-gcc 1.4.1 68.11 OK
r-devel-windows-ix86+x86_64 1.4.1 15.00 88.00 103.00 OK
r-patched-linux-x86_64 1.4.1 6.60 48.75 55.35 OK
r-patched-solaris-x86 1.4.1 76.70 ERROR
r-release-linux-x86_64 1.4.1 6.75 48.23 54.98 OK
r-release-windows-ix86+x86_64 1.4.1 11.00 91.00 102.00 OK
r-release-osx-x86_64 1.4.1 OK
r-oldrel-windows-ix86+x86_64 1.4.1 14.00 104.00 118.00 OK
r-oldrel-osx-x86_64 1.4.1 OK

Check Details

Version: 1.4.1
Check: tests
Result: ERROR
     Running ‘testthat.R’ [3s/57s]
    Running the tests in ‘tests/testthat.R’ failed.
    Complete output:
     > library(testthat)
     > test_check("httr")
     Loading required package: httr
     ── 1. Failure: if request_perform() throws an error, RETRY passes it on (@test-r
     `RETRY(...)` threw an error with unexpected message.
     Expected match: "resolve host"
     Actual message: "Could not resolve: 98d90a2a254647889e2e4c236fb576cd.com (Domain name not found)"
    
     ══ testthat results ═══════════════════════════════════════════════════════════
     [ OK: 158 | SKIPPED: 2 | WARNINGS: 4 | FAILED: 1 ]
     1. Failure: if request_perform() throws an error, RETRY passes it on (@test-retry.R#18)
    
     Error: testthat unit tests failed
     Execution halted
Flavor: r-patched-solaris-x86