CRAN Package Check Results for Package hues

Last updated on 2022-05-24 00:51:42 CEST.

Flavor Version Tinstall Tcheck Ttotal Status Flags
r-devel-linux-x86_64-debian-clang 0.2.0 2.25 39.88 42.13 NOTE
r-devel-linux-x86_64-debian-gcc 0.2.0 1.96 30.55 32.51 NOTE
r-devel-linux-x86_64-fedora-clang 0.2.0 51.10 NOTE
r-devel-linux-x86_64-fedora-gcc 0.2.0 50.18 NOTE
r-devel-windows-x86_64 0.2.0 13.00 60.00 73.00 NOTE
r-patched-linux-x86_64 0.2.0 2.51 39.20 41.71 NOTE
r-release-linux-x86_64 0.2.0 NOTE
r-release-macos-arm64 0.2.0 18.00 NOTE
r-release-macos-x86_64 0.2.0 25.00 NOTE
r-release-windows-x86_64 0.2.0 11.00 60.00 71.00 NOTE
r-oldrel-macos-arm64 0.2.0 21.00 NOTE
r-oldrel-macos-x86_64 0.2.0 46.00 NOTE
r-oldrel-windows-ix86+x86_64 0.2.0 6.00 51.00 57.00 NOTE

Check Details

Version: 0.2.0
Check: LazyData
Result: NOTE
     'LazyData' is specified without a 'data' directory
Flavors: r-devel-linux-x86_64-debian-clang, r-devel-linux-x86_64-debian-gcc, r-devel-linux-x86_64-fedora-clang, r-devel-linux-x86_64-fedora-gcc, r-devel-windows-x86_64, r-patched-linux-x86_64, r-release-linux-x86_64, r-release-macos-arm64, r-release-macos-x86_64, r-release-windows-x86_64, r-oldrel-macos-arm64, r-oldrel-macos-x86_64, r-oldrel-windows-ix86+x86_64