CRAN Package Check Results for Package humanFormat

Last updated on 2020-04-06 10:47:42 CEST.

Flavor Version Tinstall Tcheck Ttotal Status Flags
r-devel-linux-x86_64-debian-clang 1.0 2.22 23.31 25.53 NOTE
r-devel-linux-x86_64-debian-gcc 1.0 1.60 18.94 20.54 NOTE
r-devel-linux-x86_64-fedora-clang 1.0 31.72 NOTE
r-devel-linux-x86_64-fedora-gcc 1.0 31.60 NOTE
r-devel-windows-ix86+x86_64 1.0 13.00 38.00 51.00 NOTE
r-devel-windows-ix86+x86_64-gcc8 1.0 5.00 39.00 44.00 NOTE
r-patched-linux-x86_64 1.0 2.23 23.22 25.45 NOTE
r-patched-solaris-x86 1.0 50.40 NOTE
r-release-linux-x86_64 1.0 1.71 21.36 23.07 NOTE
r-release-windows-ix86+x86_64 1.0 5.00 58.00 63.00 NOTE
r-release-osx-x86_64 1.0 NOTE
r-oldrel-windows-ix86+x86_64 1.0 4.00 36.00 40.00 NOTE
r-oldrel-osx-x86_64 1.0 NOTE

Check Details

Version: 1.0
Check: dependencies in R code
Result: NOTE
    Package in Depends field not imported from: 'testthat'
     These packages need to be imported from (in the NAMESPACE file)
     for when this namespace is loaded but not attached.
Flavors: r-devel-linux-x86_64-debian-clang, r-devel-linux-x86_64-debian-gcc, r-devel-linux-x86_64-fedora-clang, r-devel-linux-x86_64-fedora-gcc, r-devel-windows-ix86+x86_64, r-devel-windows-ix86+x86_64-gcc8, r-patched-linux-x86_64, r-patched-solaris-x86, r-release-linux-x86_64, r-release-windows-ix86+x86_64, r-release-osx-x86_64, r-oldrel-windows-ix86+x86_64, r-oldrel-osx-x86_64