CRAN Package Check Results for Package humaniformat

Last updated on 2022-01-27 04:50:42 CET.

Flavor Version Tinstall Tcheck Ttotal Status Flags
r-devel-linux-x86_64-debian-clang 0.6.0 49.56 39.97 89.53 NOTE
r-devel-linux-x86_64-debian-gcc 0.6.0 32.00 31.46 63.46 NOTE
r-devel-linux-x86_64-fedora-clang 0.6.0 118.55 NOTE
r-devel-linux-x86_64-fedora-gcc 0.6.0 96.47 NOTE
r-devel-windows-x86_64-new-UL 0.6.0 87.00 81.00 168.00 NOTE
r-devel-windows-x86_64-new-TK 0.6.0 NOTE
r-patched-linux-x86_64 0.6.0 42.56 36.95 79.51 NOTE
r-release-linux-x86_64 0.6.0 42.10 36.80 78.90 NOTE
r-release-macos-arm64 0.6.0 NOTE
r-release-macos-x86_64 0.6.0 NOTE
r-release-windows-ix86+x86_64 0.6.0 102.00 82.00 184.00 NOTE
r-oldrel-macos-x86_64 0.6.0 OK
r-oldrel-windows-ix86+x86_64 0.6.0 102.00 79.00 181.00 OK

Check Details

Version: 0.6.0
Check: LazyData
Result: NOTE
     'LazyData' is specified without a 'data' directory
Flavors: r-devel-linux-x86_64-debian-clang, r-devel-linux-x86_64-debian-gcc, r-devel-linux-x86_64-fedora-clang, r-devel-linux-x86_64-fedora-gcc, r-devel-windows-x86_64-new-UL, r-devel-windows-x86_64-new-TK, r-patched-linux-x86_64, r-release-linux-x86_64, r-release-macos-arm64, r-release-macos-x86_64, r-release-windows-ix86+x86_64

Version: 0.6.0
Check: compiled code
Result: NOTE
    File ‘humaniformat/libs/humaniformat.so’:
     Found no calls to: ‘R_registerRoutines’, ‘R_useDynamicSymbols’
    
    It is good practice to register native routines and to disable symbol
    search.
    
    See ‘Writing portable packages’ in the ‘Writing R Extensions’ manual.
Flavors: r-devel-linux-x86_64-fedora-clang, r-devel-linux-x86_64-fedora-gcc