CRAN Package Check Results for Package huxtable

Last updated on 2020-12-04 08:48:24 CET.

Flavor Version Tinstall Tcheck Ttotal Status Flags
r-devel-linux-x86_64-debian-clang 5.1.1 14.00 179.05 193.05 OK
r-devel-linux-x86_64-debian-gcc 5.1.1 13.25 131.41 144.66 OK
r-devel-linux-x86_64-fedora-clang 5.1.1 244.78 NOTE
r-devel-linux-x86_64-fedora-gcc 5.1.1 243.83 NOTE
r-devel-windows-ix86+x86_64 5.1.1 26.00 206.00 232.00 OK
r-patched-linux-x86_64 5.1.1 16.69 169.32 186.01 OK
r-patched-solaris-x86 5.1.1 266.00 NOTE
r-release-linux-x86_64 5.1.1 14.56 171.32 185.88 OK
r-release-macos-x86_64 5.1.1 NOTE
r-release-windows-ix86+x86_64 5.1.1 18.00 197.00 215.00 OK
r-oldrel-macos-x86_64 5.1.1 NOTE
r-oldrel-windows-ix86+x86_64 5.1.1 18.00 228.00 246.00 OK

Check Details

Version: 5.1.1
Check: dependencies in R code
Result: NOTE
    Namespaces in Imports field not imported from:
     ‘R6’ ‘xml2’
     All declared Imports should be used.
Flavors: r-devel-linux-x86_64-fedora-clang, r-devel-linux-x86_64-fedora-gcc, r-patched-solaris-x86, r-release-macos-x86_64, r-oldrel-macos-x86_64