CRAN Package Check Results for Package huxtable

Last updated on 2019-09-22 08:48:16 CEST.

Flavor Version Tinstall Tcheck Ttotal Status Flags
r-devel-linux-x86_64-debian-clang 4.6.1 10.02 124.22 134.24 ERROR
r-devel-linux-x86_64-debian-gcc 4.6.1 9.18 98.20 107.38 OK
r-devel-linux-x86_64-fedora-clang 4.6.1 165.84 OK
r-devel-linux-x86_64-fedora-gcc 4.6.1 168.76 OK
r-devel-windows-ix86+x86_64 4.6.1 28.00 195.00 223.00 OK
r-patched-linux-x86_64 4.6.1 9.42 122.19 131.61 OK
r-patched-solaris-x86 4.6.1 191.30 OK
r-release-linux-x86_64 4.6.1 10.34 122.96 133.30 OK
r-release-windows-ix86+x86_64 4.6.1 19.00 135.00 154.00 OK
r-release-osx-x86_64 4.6.1 OK
r-oldrel-windows-ix86+x86_64 4.6.1 14.00 128.00 142.00 OK
r-oldrel-osx-x86_64 4.6.1 OK

Check Details

Version: 4.6.1
Check: tests
Result: ERROR
     Running 'testthat.R' [30s/31s]
    Running the tests in 'tests/testthat.R' failed.
    Complete output:
     > library(testthat)
     > library(huxtable)
     >
     >
     > we_are_in_R_CMD_check <- TRUE
     > test_check("huxtable")
     -- 1. Failure: Chinese characters are not repeated (@test-print.R#193) --------
     `s` does not match "^\\s*<U+4E2D><U+6587>\\s*$".
     Actual value: " <U\+4 "
    
     == testthat results ===========================================================
     [ OK: 881 | SKIPPED: 64 | WARNINGS: 0 | FAILED: 1 ]
     1. Failure: Chinese characters are not repeated (@test-print.R#193)
    
     Error: testthat unit tests failed
     Execution halted
Flavor: r-devel-linux-x86_64-debian-clang