CRAN Package Check Results for Package hwde

Last updated on 2019-03-21 02:47:13 CET.

Flavor Version Tinstall Tcheck Ttotal Status Flags
r-devel-linux-x86_64-debian-clang 0.67 1.86 22.21 24.07 OK
r-devel-linux-x86_64-debian-gcc 0.67 1.48 17.73 19.21 OK
r-devel-linux-x86_64-fedora-clang 0.67 30.04 OK
r-devel-linux-x86_64-fedora-gcc 0.67 28.59 OK
r-devel-windows-ix86+x86_64 0.67 9.00 47.00 56.00 OK
r-patched-linux-x86_64 0.67 0.86 20.62 21.48 OK
r-patched-solaris-x86 0.67 40.60 OK
r-release-linux-x86_64 0.67 1.01 20.79 21.80 OK
r-release-windows-ix86+x86_64 0.67 3.00 35.00 38.00 OK
r-release-osx-x86_64 0.67 OK
r-oldrel-windows-ix86+x86_64 0.67 2.00 42.00 44.00 OK
r-oldrel-osx-x86_64 0.67 NOTE

Check Details

Version: 0.67
Check: re-building of vignette outputs
Result: NOTE
    Error in re-building vignettes:
     ...
    Error in texi2dvi(file = file, pdf = TRUE, clean = clean, quiet = quiet, :
     Running 'texi2dvi' on 'hwde.tex' failed.
    LaTeX errors:
    ! LaTeX Error: File `a4wide.sty' not found.
    
    Type X to quit or <RETURN> to proceed,
    or enter new name. (Default extension: sty)
    
    ! Emergency stop.
    <read *>
    
    l.8 \newcommand
     {\keywords}[1]{\addvspace{\baselineskip}\noindent{{\bf Keywor...
    ! ==> Fatal error occurred, no output PDF file produced!
    Calls: buildVignettes -> texi2pdf -> texi2dvi
    Execution halted
Flavor: r-oldrel-osx-x86_64