CRAN Package Check Results for Package hwep

Last updated on 2021-12-06 11:51:57 CET.

Flavor Version Tinstall Tcheck Ttotal Status Flags
r-devel-linux-x86_64-debian-clang 0.0.1 4.69 66.43 71.12 OK
r-devel-linux-x86_64-debian-gcc 0.0.1 4.67 51.58 56.25 OK
r-devel-linux-x86_64-fedora-clang 0.0.1 89.55 NOTE
r-devel-linux-x86_64-fedora-gcc 0.0.1 78.50 NOTE
r-devel-windows-x86_64-new-UL 0.0.1 13.00 124.00 137.00 OK
r-devel-windows-x86_64-new-TK 0.0.1 NOTE
r-devel-windows-x86_64-old 0.0.1 10.00 85.00 95.00 OK
r-patched-linux-x86_64 0.0.1 7.66 57.27 64.93 OK
r-release-linux-x86_64 0.0.1 6.11 64.58 70.69 OK
r-release-macos-arm64 0.0.1 NOTE
r-release-macos-x86_64 0.0.1 NOTE
r-release-windows-ix86+x86_64 0.0.1 11.00 108.00 119.00 OK
r-oldrel-macos-x86_64 0.0.1 NOTE
r-oldrel-windows-ix86+x86_64 0.0.1 11.00 110.00 121.00 OK

Check Details

Version: 0.0.1
Check: dependencies in R code
Result: NOTE
    Namespace in Imports field not imported from: ‘future’
     All declared Imports should be used.
Flavors: r-devel-linux-x86_64-fedora-clang, r-devel-linux-x86_64-fedora-gcc, r-devel-windows-x86_64-new-TK, r-release-macos-arm64, r-release-macos-x86_64, r-oldrel-macos-x86_64