CRAN Package Check Results for Package hwordcloud

Last updated on 2023-03-29 07:55:21 CEST.

Flavor Version Tinstall Tcheck Ttotal Status Flags
r-devel-linux-x86_64-debian-clang 0.1.0 2.58 29.76 32.34 NOTE
r-devel-linux-x86_64-debian-gcc 0.1.0 2.55 24.21 26.76 NOTE
r-devel-linux-x86_64-fedora-clang 0.1.0 43.36 NOTE
r-devel-linux-x86_64-fedora-gcc 0.1.0 52.52 NOTE
r-devel-windows-x86_64 0.1.0 16.00 0.00 16.00 NOTE
r-patched-linux-x86_64 0.1.0 3.48 30.74 34.22 NOTE
r-release-linux-x86_64 0.1.0 2.02 30.70 32.72 NOTE
r-release-macos-arm64 0.1.0 17.00 NOTE
r-release-macos-x86_64 0.1.0 30.00 NOTE
r-release-windows-x86_64 0.1.0 19.00 61.00 80.00 NOTE
r-oldrel-macos-arm64 0.1.0 122.00 NOTE
r-oldrel-macos-x86_64 0.1.0 28.00 NOTE
r-oldrel-windows-ix86+x86_64 0.1.0 9.00 61.00 70.00 NOTE

Check Details

Version: 0.1.0
Check: LazyData
Result: NOTE
     'LazyData' is specified without a 'data' directory
Flavors: r-devel-linux-x86_64-debian-clang, r-devel-linux-x86_64-debian-gcc, r-devel-linux-x86_64-fedora-clang, r-devel-linux-x86_64-fedora-gcc, r-devel-windows-x86_64, r-patched-linux-x86_64, r-release-linux-x86_64, r-release-macos-arm64, r-release-macos-x86_64, r-release-windows-x86_64, r-oldrel-macos-arm64, r-oldrel-macos-x86_64, r-oldrel-windows-ix86+x86_64

Version: 0.1.0
Check: dependencies in R code
Result: NOTE
    Namespaces in Imports field not imported from:
     ‘colourpicker’ ‘shiny’ ‘wordcloud2’
     All declared Imports should be used.
Flavors: r-devel-linux-x86_64-fedora-clang, r-devel-linux-x86_64-fedora-gcc, r-release-macos-arm64, r-release-macos-x86_64, r-oldrel-macos-arm64, r-oldrel-macos-x86_64