CRAN Package Check Results for Package hwriter

Last updated on 2019-04-26 13:47:38 CEST.

Flavor Version Tinstall Tcheck Ttotal Status Flags
r-devel-linux-x86_64-debian-clang 1.3.2 2.19 22.39 24.58 NOTE
r-devel-linux-x86_64-debian-gcc 1.3.2 1.65 18.21 19.86 NOTE
r-devel-linux-x86_64-fedora-clang 1.3.2 30.82 NOTE
r-devel-linux-x86_64-fedora-gcc 1.3.2 29.31 NOTE
r-devel-windows-ix86+x86_64 1.3.2 7.00 41.00 48.00 NOTE
r-patched-linux-x86_64 1.3.2 2.31 22.32 24.63 NOTE
r-patched-solaris-x86 1.3.2 45.90 NOTE
r-release-linux-x86_64 1.3.2 1.29 21.48 22.77 NOTE
r-release-windows-ix86+x86_64 1.3.2 3.00 37.00 40.00 NOTE
r-release-osx-x86_64 1.3.2 NOTE
r-oldrel-windows-ix86+x86_64 1.3.2 2.00 47.00 49.00 NOTE
r-oldrel-osx-x86_64 1.3.2 NOTE

Check Details

Version: 1.3.2
Check: DESCRIPTION meta-information
Result: NOTE
    Malformed Description field: should contain one or more complete sentences.
Flavors: r-devel-linux-x86_64-debian-clang, r-devel-linux-x86_64-debian-gcc, r-devel-linux-x86_64-fedora-clang, r-devel-linux-x86_64-fedora-gcc, r-devel-windows-ix86+x86_64, r-patched-linux-x86_64, r-patched-solaris-x86, r-release-linux-x86_64, r-release-windows-ix86+x86_64, r-release-osx-x86_64, r-oldrel-windows-ix86+x86_64, r-oldrel-osx-x86_64

Version: 1.3.2
Check: R code for possible problems
Result: NOTE
    getHwriterVersion: no visible global function definition for
     'sessionInfo'
    hmapRowCol: no visible global function definition for 'na.omit'
    hwriteImage: no visible global function definition for 'dev.print'
    hwriteImage: no visible binding for global variable 'png'
    showExample: no visible global function definition for 'browseURL'
    Undefined global functions or variables:
     browseURL dev.print na.omit png sessionInfo
    Consider adding
     importFrom("grDevices", "dev.print", "png")
     importFrom("stats", "na.omit")
     importFrom("utils", "browseURL", "sessionInfo")
    to your NAMESPACE file.
Flavors: r-devel-linux-x86_64-debian-clang, r-devel-linux-x86_64-debian-gcc, r-devel-linux-x86_64-fedora-clang, r-devel-linux-x86_64-fedora-gcc, r-devel-windows-ix86+x86_64, r-patched-linux-x86_64, r-patched-solaris-x86, r-release-linux-x86_64, r-release-windows-ix86+x86_64, r-release-osx-x86_64, r-oldrel-windows-ix86+x86_64, r-oldrel-osx-x86_64