CRAN Package Check Results for Package hwsdr

Last updated on 2021-10-26 10:49:50 CEST.

Flavor Version Tinstall Tcheck Ttotal Status Flags
r-devel-linux-x86_64-debian-clang 1.0 2.22 44.65 46.87 OK
r-devel-linux-x86_64-debian-gcc 1.0 1.64 33.82 35.46 OK
r-devel-linux-x86_64-fedora-clang 1.0 66.73 NOTE
r-devel-linux-x86_64-fedora-gcc 1.0 55.89 NOTE
r-devel-windows-x86_64 1.0 4.00 69.00 73.00 OK
r-devel-windows-x86_64-gcc10-UCRT 1.0 NOTE
r-patched-linux-x86_64 1.0 2.10 41.63 43.73 OK
r-patched-solaris-x86 1.0 62.50 NOTE
r-release-linux-x86_64 1.0 2.12 41.75 43.87 OK
r-release-macos-arm64 1.0 NOTE
r-release-macos-x86_64 1.0 NOTE
r-release-windows-ix86+x86_64 1.0 4.00 63.00 67.00 OK
r-oldrel-macos-x86_64 1.0 NOTE
r-oldrel-windows-ix86+x86_64 1.0 6.00 52.00 58.00 OK

Check Details

Version: 1.0
Check: data for non-ASCII characters
Result: NOTE
     Note: found 1 marked UTF-8 string
Flavors: r-devel-linux-x86_64-fedora-clang, r-devel-linux-x86_64-fedora-gcc, r-devel-windows-x86_64-gcc10-UCRT, r-patched-solaris-x86, r-release-macos-arm64, r-release-macos-x86_64, r-oldrel-macos-x86_64