CRAN Package Check Results for Package hySpc.testthat

Last updated on 2022-05-19 19:49:30 CEST.

Flavor Version Tinstall Tcheck Ttotal Status Flags
r-devel-linux-x86_64-debian-clang 0.2.1 2.65 40.27 42.92 NOTE
r-devel-linux-x86_64-debian-gcc 0.2.1 2.42 32.35 34.77 NOTE
r-devel-linux-x86_64-fedora-clang 0.2.1 54.86 NOTE
r-devel-linux-x86_64-fedora-gcc 0.2.1 52.45 NOTE
r-devel-windows-x86_64 0.2.1 20.00 62.00 82.00 NOTE
r-patched-linux-x86_64 0.2.1 1.85 39.66 41.51 NOTE
r-release-linux-x86_64 0.2.1 1.77 39.57 41.34 NOTE
r-release-macos-arm64 0.2.1 20.00 NOTE
r-release-macos-x86_64 0.2.1 36.00 NOTE
r-release-windows-x86_64 0.2.1 23.00 65.00 88.00 NOTE
r-oldrel-macos-arm64 0.2.1 23.00 NOTE
r-oldrel-macos-x86_64 0.2.1 30.00 NOTE
r-oldrel-windows-ix86+x86_64 0.2.1 8.00 51.00 59.00 NOTE

Check Details

Version: 0.2.1
Check: LazyData
Result: NOTE
     'LazyData' is specified without a 'data' directory
Flavors: r-devel-linux-x86_64-debian-clang, r-devel-linux-x86_64-debian-gcc, r-devel-linux-x86_64-fedora-clang, r-devel-linux-x86_64-fedora-gcc, r-devel-windows-x86_64, r-patched-linux-x86_64, r-release-linux-x86_64, r-release-macos-arm64, r-release-macos-x86_64, r-release-windows-x86_64, r-oldrel-macos-arm64, r-oldrel-macos-x86_64, r-oldrel-windows-ix86+x86_64