CRAN Package Check Results for Package hySpc.testthat

Last updated on 2023-01-28 12:56:14 CET.

Flavor Version Tinstall Tcheck Ttotal Status Flags
r-devel-linux-x86_64-debian-clang 0.2.1 1.84 34.19 36.03 NOTE
r-devel-linux-x86_64-debian-gcc 0.2.1 2.40 27.43 29.83 NOTE
r-devel-linux-x86_64-fedora-clang 0.2.1 46.83 NOTE
r-devel-linux-x86_64-fedora-gcc 0.2.1 44.80 NOTE
r-devel-windows-x86_64 0.2.1 15.00 66.00 81.00 NOTE
r-patched-linux-x86_64 0.2.1 3.01 34.14 37.15 NOTE
r-release-linux-x86_64 0.2.1 2.27 33.74 36.01 NOTE
r-release-macos-arm64 0.2.1 20.00 NOTE
r-release-macos-x86_64 0.2.1 36.00 NOTE
r-release-windows-x86_64 0.2.1 12.00 68.00 80.00 NOTE
r-oldrel-macos-arm64 0.2.1 23.00 NOTE
r-oldrel-macos-x86_64 0.2.1 30.00 NOTE
r-oldrel-windows-ix86+x86_64 0.2.1 7.00 61.00 68.00 NOTE

Check Details

Version: 0.2.1
Check: LazyData
Result: NOTE
     'LazyData' is specified without a 'data' directory
Flavors: r-devel-linux-x86_64-debian-clang, r-devel-linux-x86_64-debian-gcc, r-devel-linux-x86_64-fedora-clang, r-devel-linux-x86_64-fedora-gcc, r-devel-windows-x86_64, r-patched-linux-x86_64, r-release-linux-x86_64, r-release-macos-arm64, r-release-macos-x86_64, r-release-windows-x86_64, r-oldrel-macos-arm64, r-oldrel-macos-x86_64, r-oldrel-windows-ix86+x86_64