CRAN Package Check Results for Package hydroApps

Last updated on 2020-10-22 22:48:29 CEST.

Flavor Version Tinstall Tcheck Ttotal Status Flags
r-devel-linux-x86_64-debian-clang 0.1-1 2.56 23.36 25.92 NOTE
r-devel-linux-x86_64-debian-gcc 0.1-1 2.20 18.47 20.67 NOTE
r-devel-linux-x86_64-fedora-clang 0.1-1 40.97 NOTE
r-devel-linux-x86_64-fedora-gcc 0.1-1 30.71 NOTE
r-devel-windows-ix86+x86_64 0.1-1 5.00 45.00 50.00 NOTE
r-patched-linux-x86_64 0.1-1 2.83 22.72 25.55 NOTE
r-patched-solaris-x86 0.1-1 45.20 NOTE
r-release-linux-x86_64 0.1-1 2.64 22.51 25.15 NOTE
r-release-macos-x86_64 0.1-1 NOTE
r-release-windows-ix86+x86_64 0.1-1 4.00 33.00 37.00 NOTE
r-oldrel-macos-x86_64 0.1-1 NOTE
r-oldrel-windows-ix86+x86_64 0.1-1 4.00 46.00 50.00 NOTE

Check Details

Version: 0.1-1
Check: R code for possible problems
Result: NOTE
    ARPIEM2012.Lmom.sample: no visible global function definition for 'var'
    ARPIEM2012.freq: no visible binding for global variable 'quantile'
    ARPIEM2012.sim.Lmoments : ARPIEM2012.sim.Qind_camp: no visible global
     function definition for 'rnorm'
    ARPIEM2012.sim.Lmoments : ARPIEM2012.sim.Qind_reg_moltiplicativo: no
     visible global function definition for 'rnorm'
    ARPIEM2012.sim.Lmoments : ARPIEM2012.sim.LCV_camp.LCA_camp: no visible
     global function definition for 'rnorm'
    ARPIEM2012.sim.Lmoments : ARPIEM2012.sim.LCV_camp.LCA_reg_additivo: no
     visible global function definition for 'rnorm'
    ARPIEM2012.sim.Lmoments :
     ARPIEM2012.sim.LCV_reg_moltiplicativo.LCA_reg_additivo: no visible
     global function definition for 'rnorm'
    Undefined global functions or variables:
     quantile rnorm var
    Consider adding
     importFrom("stats", "quantile", "rnorm", "var")
    to your NAMESPACE file.
Flavors: r-devel-linux-x86_64-debian-clang, r-devel-linux-x86_64-debian-gcc, r-devel-linux-x86_64-fedora-clang, r-devel-linux-x86_64-fedora-gcc, r-devel-windows-ix86+x86_64, r-patched-linux-x86_64, r-patched-solaris-x86, r-release-linux-x86_64, r-release-macos-x86_64, r-release-windows-ix86+x86_64, r-oldrel-macos-x86_64, r-oldrel-windows-ix86+x86_64