CRAN Package Check Results for Package hydroToolkit

Last updated on 2020-10-25 20:47:55 CET.

Flavor Version Tinstall Tcheck Ttotal Status Flags
r-devel-linux-x86_64-debian-clang 0.1.0 17.05 156.84 173.89 OK
r-devel-linux-x86_64-debian-gcc 0.1.0 14.02 111.65 125.67 OK
r-devel-linux-x86_64-fedora-clang 0.1.0 216.12 NOTE
r-devel-linux-x86_64-fedora-gcc 0.1.0 199.86 OK
r-devel-windows-ix86+x86_64 0.1.0 31.00 189.00 220.00 NOTE
r-patched-linux-x86_64 0.1.0 15.56 148.01 163.57 OK
r-patched-solaris-x86 0.1.0 260.70 NOTE
r-release-linux-x86_64 0.1.0 17.27 144.94 162.21 OK
r-release-macos-x86_64 0.1.0 NOTE
r-release-windows-ix86+x86_64 0.1.0 28.00 136.00 164.00 NOTE
r-oldrel-macos-x86_64 0.1.0 NOTE
r-oldrel-windows-ix86+x86_64 0.1.0 30.00 183.00 213.00 NOTE

Check Details

Version: 0.1.0
Check: installed package size
Result: NOTE
     installed size is 5.3Mb
     sub-directories of 1Mb or more:
     extdata 4.8Mb
Flavors: r-devel-linux-x86_64-fedora-clang, r-devel-windows-ix86+x86_64, r-patched-solaris-x86, r-release-macos-x86_64, r-release-windows-ix86+x86_64, r-oldrel-macos-x86_64, r-oldrel-windows-ix86+x86_64