CRAN Package Check Results for Package hydrolinks

Last updated on 2019-07-19 01:47:17 CEST.

Flavor Version Tinstall Tcheck Ttotal Status Flags
r-devel-linux-x86_64-debian-clang 0.10.0 6.46 56.39 62.85 OK
r-devel-linux-x86_64-debian-gcc 0.10.0 5.27 44.57 49.84 OK
r-devel-linux-x86_64-fedora-clang 0.10.0 76.74 NOTE
r-devel-linux-x86_64-fedora-gcc 0.10.0 84.30 NOTE
r-devel-windows-ix86+x86_64 0.10.0 21.00 98.00 119.00 OK
r-patched-linux-x86_64 0.10.0 6.25 54.46 60.71 OK
r-patched-solaris-x86 0.10.0 139.70 NOTE
r-release-linux-x86_64 0.10.0 6.49 55.26 61.75 OK
r-release-windows-ix86+x86_64 0.10.0 17.00 65.00 82.00 OK
r-release-osx-x86_64 0.10.0 NOTE
r-oldrel-windows-ix86+x86_64 0.10.0 10.00 91.00 101.00 OK
r-oldrel-osx-x86_64 0.10.0 NOTE

Check Details

Version: 0.10.0
Check: dependencies in R code
Result: NOTE
    Namespace in Imports field not imported from: ‘dbplyr’
     All declared Imports should be used.
Flavors: r-devel-linux-x86_64-fedora-clang, r-devel-linux-x86_64-fedora-gcc, r-patched-solaris-x86, r-release-osx-x86_64, r-oldrel-osx-x86_64