CRAN Package Check Results for Package hydrolinks

Last updated on 2019-01-16 17:48:51 CET.

Flavor Version Tinstall Tcheck Ttotal Status Flags
r-devel-linux-x86_64-debian-clang 0.10.0 4.20 54.02 58.22 OK
r-devel-linux-x86_64-debian-gcc 0.10.0 4.05 44.56 48.61 OK
r-devel-linux-x86_64-fedora-clang 0.10.0 72.67 NOTE
r-devel-linux-x86_64-fedora-gcc 0.10.0 68.28 NOTE
r-devel-windows-ix86+x86_64 0.10.0 9.00 66.00 75.00 OK
r-patched-linux-x86_64 0.10.0 4.91 47.91 52.82 OK
r-patched-solaris-x86 0.10.0 120.30 NOTE
r-release-linux-x86_64 0.10.0 4.71 47.83 52.54 OK
r-release-windows-ix86+x86_64 0.10.0 16.00 63.00 79.00 OK
r-release-osx-x86_64 0.10.0 NOTE
r-oldrel-windows-ix86+x86_64 0.10.0 11.00 101.00 112.00 OK
r-oldrel-osx-x86_64 0.10.0 NOTE

Check Details

Version: 0.10.0
Check: dependencies in R code
Result: NOTE
    Namespace in Imports field not imported from: ‘dbplyr’
     All declared Imports should be used.
Flavors: r-devel-linux-x86_64-fedora-clang, r-devel-linux-x86_64-fedora-gcc, r-patched-solaris-x86, r-release-osx-x86_64, r-oldrel-osx-x86_64