CRAN Package Check Results for Package hydroloom

Last updated on 2024-02-26 01:49:56 CET.

Flavor Version Tinstall Tcheck Ttotal Status Flags
r-devel-linux-x86_64-debian-clang 1.0.2 10.46 127.39 137.85 ERROR
r-devel-linux-x86_64-debian-gcc 1.0.2 9.50 168.27 177.77 OK
r-devel-linux-x86_64-fedora-clang 1.0.2 302.34 OK
r-devel-linux-x86_64-fedora-gcc 1.0.2 285.09 OK
r-devel-windows-x86_64 1.0.2 10.00 144.00 154.00 OK
r-patched-linux-x86_64 1.0.2 9.80 138.28 148.08 OK
r-release-linux-x86_64 1.0.2 8.26 138.95 147.21 OK
r-release-macos-arm64 1.0.2 82.00 OK
r-release-macos-x86_64 1.0.2 149.00 OK
r-release-windows-x86_64 1.0.2 15.00 180.00 195.00 OK
r-oldrel-macos-arm64 1.0.2 79.00 OK
r-oldrel-windows-x86_64 1.0.2 14.00 183.00 197.00 OK

Check Details

Version: 1.0.2
Check: package dependencies
Result: NOTE Package suggested but not available for checking: ‘nhdplusTools’ Flavor: r-devel-linux-x86_64-debian-clang

Version: 1.0.2
Check: examples
Result: ERROR Running examples in ‘hydroloom-Ex.R’ failed The error most likely occurred in: > base::assign(".ptime", proc.time(), pos = "CheckExEnv") > ### Name: index_points_to_waterbodies > ### Title: Index Points to Waterbodies > ### Aliases: index_points_to_waterbodies > > ### ** Examples > > > source(system.file("extdata/sample_data.R", package = "nhdplusTools")) Error in source(system.file("extdata/sample_data.R", package = "nhdplusTools")) : empty file/url name Execution halted Flavor: r-devel-linux-x86_64-debian-clang

Version: 1.0.2
Check: re-building of vignette outputs
Result: ERROR Error(s) in re-building vignettes: ... --- re-building ‘advanced_network.Rmd’ using rmarkdown --- finished re-building ‘advanced_network.Rmd’ --- re-building ‘flow-table.Rmd’ using rmarkdown Quitting from lines 12-32 [setup] (flow-table.Rmd) Error: processing vignette 'flow-table.Rmd' failed with diagnostics: there is no package called 'nhdplusTools' --- failed re-building ‘flow-table.Rmd’ --- re-building ‘hydroloom.Rmd’ using rmarkdown --- finished re-building ‘hydroloom.Rmd’ --- re-building ‘non-dendritic.Rmd’ using rmarkdown --- finished re-building ‘non-dendritic.Rmd’ SUMMARY: processing the following file failed: ‘flow-table.Rmd’ Error: Vignette re-building failed. Execution halted Flavor: r-devel-linux-x86_64-debian-clang