CRAN Package Check Results for Package hydrotoolbox

Last updated on 2021-12-08 13:01:31 CET.

Flavor Version Tinstall Tcheck Ttotal Status Flags
r-devel-linux-x86_64-debian-clang 1.0.1 84.66 148.18 232.84 OK
r-devel-linux-x86_64-debian-gcc 1.0.1 64.14 112.23 176.37 OK
r-devel-linux-x86_64-fedora-clang 1.0.1 326.08 NOTE
r-devel-linux-x86_64-fedora-gcc 1.0.1 285.27 OK
r-devel-windows-x86_64-new-UL 1.0.1 123.00 245.00 368.00 NOTE
r-devel-windows-x86_64-new-TK 1.0.1 OK
r-devel-windows-x86_64-old 1.0.1 121.00 200.00 321.00 NOTE
r-patched-linux-x86_64 1.0.1 73.95 155.75 229.70 OK
r-release-linux-x86_64 1.0.1 66.18 158.01 224.19 OK
r-release-macos-arm64 1.0.1 NOTE
r-release-macos-x86_64 1.0.1 NOTE
r-release-windows-ix86+x86_64 1.0.1 157.00 296.00 453.00 NOTE
r-oldrel-macos-x86_64 1.0.1 NOTE
r-oldrel-windows-ix86+x86_64 1.0.1 213.00 295.00 508.00 NOTE

Check Details

Version: 1.0.1
Check: installed package size
Result: NOTE
     installed size is 8.5Mb
     sub-directories of 1Mb or more:
     extdata 5.6Mb
     libs 2.1Mb
Flavors: r-devel-linux-x86_64-fedora-clang, r-devel-windows-x86_64-new-UL, r-devel-windows-x86_64-old, r-release-macos-arm64, r-release-macos-x86_64, r-release-windows-ix86+x86_64, r-oldrel-macos-x86_64, r-oldrel-windows-ix86+x86_64