CRAN Package Check Results for Package hyperbolicDEA

Last updated on 2024-06-13 14:49:01 CEST.

Flavor Version Tinstall Tcheck Ttotal Status Flags
r-devel-linux-x86_64-debian-clang 1.0.0 7.06 49.14 56.20 OK
r-devel-linux-x86_64-debian-gcc 1.0.0 0.34 1.72 2.06 ERROR
r-devel-linux-x86_64-fedora-clang 1.0.0 93.67 OK
r-devel-linux-x86_64-fedora-gcc 1.0.0 87.85 OK
r-devel-windows-x86_64 1.0.0 6.00 67.00 73.00 OK
r-patched-linux-x86_64 1.0.0 4.80 41.84 46.64 OK
r-release-linux-x86_64 1.0.0 4.64 49.07 53.71 OK
r-release-macos-arm64 1.0.0 29.00 OK
r-release-macos-x86_64 1.0.0 46.00 OK
r-release-windows-x86_64 1.0.0 7.00 72.00 79.00 OK
r-oldrel-macos-arm64 1.0.0 34.00 OK
r-oldrel-macos-x86_64 1.0.0 75.00 OK
r-oldrel-windows-x86_64 1.0.0 9.00 78.00 87.00 OK

Check Details

Version: 1.0.0
Check: package dependencies
Result: ERROR Packages required but not available: 'dplyr', 'nloptr' Package suggested but not available for checking: ‘testthat’ See section ‘The DESCRIPTION file’ in the ‘Writing R Extensions’ manual. Flavor: r-devel-linux-x86_64-debian-gcc