Last updated on 2022-06-29 13:50:07 CEST.
Flavor | Version | Tinstall | Tcheck | Ttotal | Status | Flags |
---|---|---|---|---|---|---|
r-devel-linux-x86_64-debian-clang | 1.0 | 30.87 | 290.18 | 321.05 | OK | |
r-devel-linux-x86_64-debian-gcc | 1.0 | 23.37 | 207.18 | 230.55 | OK | |
r-devel-linux-x86_64-fedora-clang | 1.0 | 373.85 | NOTE | |||
r-devel-linux-x86_64-fedora-gcc | 1.0 | 370.29 | OK | |||
r-devel-windows-x86_64 | 1.0 | 43.00 | 268.00 | 311.00 | NOTE | |
r-patched-linux-x86_64 | 1.0 | 32.10 | 272.45 | 304.55 | OK | |
r-release-linux-x86_64 | 1.0 | 29.17 | 274.60 | 303.77 | OK | |
r-release-macos-arm64 | 1.0 | 63.00 | NOTE | |||
r-release-macos-x86_64 | 1.0 | 144.00 | NOTE | |||
r-release-windows-x86_64 | 1.0 | 43.00 | 270.00 | 313.00 | NOTE | |
r-oldrel-macos-arm64 | 1.0 | 65.00 | NOTE | |||
r-oldrel-macos-x86_64 | 1.0 | 105.00 | NOTE | |||
r-oldrel-windows-ix86+x86_64 | 1.0 | 64.00 | 278.00 | 342.00 | NOTE |
Version: 1.0
Check: installed package size
Result: NOTE
installed size is 6.3Mb
sub-directories of 1Mb or more:
exdata 6.1Mb
Flavors: r-devel-linux-x86_64-fedora-clang, r-devel-windows-x86_64, r-release-macos-arm64, r-release-macos-x86_64, r-release-windows-x86_64, r-oldrel-macos-arm64, r-oldrel-macos-x86_64, r-oldrel-windows-ix86+x86_64