CRAN Package Check Results for Package hypergea

Last updated on 2020-06-04 02:48:04 CEST.

Flavor Version Tinstall Tcheck Ttotal Status Flags
r-devel-linux-x86_64-debian-clang 1.3.6 3.80 21.55 25.35 NOTE
r-devel-linux-x86_64-debian-gcc 1.3.6 2.99 16.91 19.90 NOTE
r-devel-linux-x86_64-fedora-clang 1.3.6 40.33 NOTE
r-devel-linux-x86_64-fedora-gcc 1.3.6 30.36 NOTE
r-devel-windows-ix86+x86_64 1.3.6 16.00 73.00 89.00 OK
r-patched-linux-x86_64 1.3.6 3.52 21.41 24.93 NOTE
r-patched-solaris-x86 1.3.6 46.70 OK
r-release-linux-x86_64 1.3.6 3.23 21.26 24.49 NOTE
r-release-osx-x86_64 1.3.6 OK
r-release-windows-ix86+x86_64 1.3.6 12.00 47.00 59.00 OK
r-oldrel-osx-x86_64 1.3.6 OK
r-oldrel-windows-ix86+x86_64 1.3.6 13.00 44.00 57.00 OK

Check Details

Version: 1.3.6
Check: use of SHLIB_OPENMP_*FLAGS in Makefiles
Result: NOTE
     src/Makevars: SHLIB_OPENMP_CFLAGS is included in PKG_CFLAGS but not in PKG_LIBS
    Use of these macros is discussed in sect 1.2.1.1 of 'Writing R
    Extensions'. The macros for different languages may differ so the
    matching macro must be used in PKG_CXXFLAGS (etc) and match that used
    in PKG_LIBS (except for Fortran: see the manual).
Flavors: r-devel-linux-x86_64-debian-clang, r-devel-linux-x86_64-debian-gcc, r-devel-linux-x86_64-fedora-clang, r-devel-linux-x86_64-fedora-gcc, r-patched-linux-x86_64, r-release-linux-x86_64