CRAN Package Check Results for Package hypergea

Last updated on 2019-07-23 15:47:57 CEST.

Flavor Version Tinstall Tcheck Ttotal Status Flags
r-devel-linux-x86_64-debian-clang 1.3.6 3.68 20.63 24.31 NOTE
r-devel-linux-x86_64-debian-gcc 1.3.6 2.52 16.19 18.71 NOTE
r-devel-linux-x86_64-fedora-clang 1.3.6 29.21 NOTE
r-devel-linux-x86_64-fedora-gcc 1.3.6 27.21 NOTE
r-devel-windows-ix86+x86_64 1.3.6 10.00 42.00 52.00 OK
r-patched-linux-x86_64 1.3.6 3.00 19.94 22.94 NOTE
r-patched-solaris-x86 1.3.6 45.20 OK
r-release-linux-x86_64 1.3.6 3.32 19.93 23.25 NOTE
r-release-windows-ix86+x86_64 1.3.6 17.00 43.00 60.00 OK
r-release-osx-x86_64 1.3.6 OK
r-oldrel-windows-ix86+x86_64 1.3.6 8.00 60.00 68.00 OK
r-oldrel-osx-x86_64 1.3.6 OK

Check Details

Version: 1.3.6
Check: use of SHLIB_OPENMP_*FLAGS in Makefiles
Result: NOTE
     src/Makevars: SHLIB_OPENMP_CFLAGS is included in PKG_CFLAGS but not in PKG_LIBS
    Use of these macros is discussed in sect 1.2.1.1 of 'Writing R
    Extensions'. The macros for different languages may differ so the
    matching macro must be used in PKG_CXXFLAGS (etc) and match that used
    in PKG_LIBS (except for Fortran: see the manual).
Flavors: r-devel-linux-x86_64-debian-clang, r-devel-linux-x86_64-debian-gcc, r-devel-linux-x86_64-fedora-clang, r-devel-linux-x86_64-fedora-gcc, r-patched-linux-x86_64, r-release-linux-x86_64