CRAN Package Check Results for Package hypervolume

Last updated on 2022-08-18 15:52:18 CEST.

Flavor Version Tinstall Tcheck Ttotal Status Flags
r-devel-linux-x86_64-debian-clang 3.0.4 87.91 498.92 586.83 OK
r-devel-linux-x86_64-debian-gcc 3.0.4 70.23 376.83 447.06 OK
r-devel-linux-x86_64-fedora-clang 3.0.4 746.09 NOTE
r-devel-linux-x86_64-fedora-gcc 3.0.4 764.43 OK
r-devel-windows-x86_64 3.0.4 147.00 553.00 700.00 OK
r-patched-linux-x86_64 3.0.4 71.68 477.89 549.57 OK
r-release-linux-x86_64 3.0.4 OK
r-release-macos-arm64 3.0.4 173.00 OK
r-release-macos-x86_64 3.0.4 246.00 OK
r-release-windows-x86_64 3.0.4 118.00 539.00 657.00 OK
r-oldrel-macos-arm64 3.0.4 163.00 OK
r-oldrel-macos-x86_64 3.0.4 240.00 OK
r-oldrel-windows-ix86+x86_64 3.0.4 193.00 716.00 909.00 OK

Check Details

Version: 3.0.4
Check: package dependencies
Result: NOTE
    Imports includes 22 non-default packages.
    Importing from so many packages makes the package vulnerable to any of
    them becoming unavailable. Move as many as possible to Suggests and
    use conditionally.
Flavor: r-devel-linux-x86_64-fedora-clang