CRAN Package Check Results for Package hypervolume

Last updated on 2019-05-23 08:51:02 CEST.

Flavor Version Tinstall Tcheck Ttotal Status Flags
r-devel-linux-x86_64-debian-clang 2.0.11 42.83 147.33 190.16 OK
r-devel-linux-x86_64-debian-gcc 2.0.11 37.05 110.78 147.83 OK
r-devel-linux-x86_64-fedora-clang 2.0.11 243.60 OK
r-devel-linux-x86_64-fedora-gcc 2.0.11 238.02 OK
r-devel-windows-ix86+x86_64 2.0.11 94.00 336.00 430.00 OK
r-patched-linux-x86_64 2.0.11 44.23 137.10 181.33 OK
r-patched-solaris-x86 2.0.11 349.90 OK
r-release-linux-x86_64 2.0.11 43.35 137.66 181.01 OK
r-release-windows-ix86+x86_64 2.0.11 134.00 251.00 385.00 OK
r-release-osx-x86_64 2.0.11 WARN
r-oldrel-windows-ix86+x86_64 2.0.11 86.00 256.00 342.00 OK
r-oldrel-osx-x86_64 2.0.11 WARN

Check Details

Version: 2.0.11
Check: whether package can be installed
Result: WARN
    Found the following significant warnings:
     Warning: 'rgl_init' failed, running with rgl.useNULL = TRUE
Flavors: r-release-osx-x86_64, r-oldrel-osx-x86_64