CRAN Package Check Results for Package hypervolume

Last updated on 2020-07-15 10:50:32 CEST.

Flavor Version Tinstall Tcheck Ttotal Status Flags
r-devel-linux-x86_64-debian-clang 2.0.12 58.03 168.76 226.79 OK
r-devel-linux-x86_64-debian-gcc 2.0.12 43.16 126.58 169.74 OK
r-devel-linux-x86_64-fedora-clang 2.0.12 285.87 OK
r-devel-linux-x86_64-fedora-gcc 2.0.12 283.27 OK
r-devel-windows-ix86+x86_64 2.0.12 157.00 335.00 492.00 OK
r-patched-linux-x86_64 2.0.12 45.24 161.25 206.49 OK
r-patched-solaris-x86 2.0.12 357.30 OK
r-release-linux-x86_64 2.0.12 52.23 160.75 212.98 OK
r-release-macos-x86_64 2.0.12 ERROR
r-release-windows-ix86+x86_64 2.0.12 153.00 259.00 412.00 OK
r-oldrel-macos-x86_64 2.0.12 WARN
r-oldrel-windows-ix86+x86_64 2.0.12 135.00 331.00 466.00 OK

Check Details

Version: 2.0.12
Check: whether package can be installed
Result: ERROR
    Installation failed.
Flavor: r-release-macos-x86_64

Version: 2.0.12
Check: whether package can be installed
Result: WARN
    Found the following significant warnings:
     Warning: 'rgl_init' failed, running with rgl.useNULL = TRUE
Flavor: r-oldrel-macos-x86_64

Version: 2.0.12
Check: dependencies in R code
Result: NOTE
    No protocol specified
Flavor: r-oldrel-macos-x86_64

Version: 2.0.12
Check: S3 generic/method consistency
Result: WARN
    No protocol specified
    See section ‘Generic functions and methods’ in the ‘Writing R
    Extensions’ manual.
Flavor: r-oldrel-macos-x86_64

Version: 2.0.12
Check: replacement functions
Result: WARN
    No protocol specified
    The argument of a replacement function which corresponds to the right
    hand side must be named ‘value’.
Flavor: r-oldrel-macos-x86_64

Version: 2.0.12
Check: foreign function calls
Result: NOTE
    No protocol specified
    See chapter ‘System and foreign language interfaces’ in the ‘Writing R
    Extensions’ manual.
Flavor: r-oldrel-macos-x86_64

Version: 2.0.12
Check: R code for possible problems
Result: NOTE
    No protocol specified
Flavor: r-oldrel-macos-x86_64

Version: 2.0.12
Check: for missing documentation entries
Result: WARN
    No protocol specified
    All user-level objects in a package should have documentation entries.
    See chapter ‘Writing R documentation files’ in the ‘Writing R
    Extensions’ manual.
Flavor: r-oldrel-macos-x86_64

Version: 2.0.12
Check: for code/documentation mismatches
Result: WARN
    No protocol specified
    No protocol specified
    No protocol specified
Flavor: r-oldrel-macos-x86_64

Version: 2.0.12
Check: Rd \usage sections
Result: NOTE
    No protocol specified
    The \usage entries for S3 methods should use the \method markup and not
    their full name.
    See chapter ‘Writing R documentation files’ in the ‘Writing R
    Extensions’ manual.
Flavor: r-oldrel-macos-x86_64