CRAN Package Check Results for Package hypervolume

Last updated on 2019-08-20 22:47:18 CEST.

Flavor Version Tinstall Tcheck Ttotal Status Flags
r-devel-linux-x86_64-debian-clang 2.0.11 46.00 152.13 198.13 OK
r-devel-linux-x86_64-debian-gcc 2.0.11 37.75 112.05 149.80 OK
r-devel-linux-x86_64-fedora-clang 2.0.11 252.20 OK
r-devel-linux-x86_64-fedora-gcc 2.0.11 238.62 OK
r-devel-windows-ix86+x86_64 2.0.11 137.00 343.00 480.00 OK
r-patched-linux-x86_64 2.0.11 41.31 138.65 179.96 OK
r-patched-solaris-x86 2.0.11 343.70 OK
r-release-linux-x86_64 2.0.11 40.75 139.60 180.35 OK
r-release-windows-ix86+x86_64 2.0.11 95.00 237.00 332.00 OK
r-release-osx-x86_64 2.0.11 WARN
r-oldrel-windows-ix86+x86_64 2.0.11 114.00 304.00 418.00 OK
r-oldrel-osx-x86_64 2.0.11 WARN

Check Details

Version: 2.0.11
Check: whether package can be installed
Result: WARN
    Found the following significant warnings:
     Warning: 'rgl_init' failed, running with rgl.useNULL = TRUE
Flavors: r-release-osx-x86_64, r-oldrel-osx-x86_64