CRAN Package Check Results for Package hypervolume

Last updated on 2019-10-14 05:46:58 CEST.

Flavor Version Tinstall Tcheck Ttotal Status Flags
r-devel-linux-x86_64-debian-clang 2.0.11 51.74 150.37 202.11 OK
r-devel-linux-x86_64-debian-gcc 2.0.11 37.65 113.47 151.12 OK
r-devel-linux-x86_64-fedora-clang 2.0.11 252.78 OK
r-devel-linux-x86_64-fedora-gcc 2.0.11 241.89 OK
r-devel-windows-ix86+x86_64 2.0.11 108.00 246.00 354.00 OK
r-patched-linux-x86_64 2.0.11 41.48 138.41 179.89 OK
r-patched-solaris-x86 2.0.11 344.50 OK
r-release-linux-x86_64 2.0.11 43.64 139.15 182.79 OK
r-release-windows-ix86+x86_64 2.0.11 133.00 240.00 373.00 OK
r-release-osx-x86_64 2.0.11 WARN
r-oldrel-windows-ix86+x86_64 2.0.11 80.00 209.00 289.00 OK
r-oldrel-osx-x86_64 2.0.11 WARN

Check Details

Version: 2.0.11
Check: whether package can be installed
Result: WARN
    Found the following significant warnings:
     Warning: 'rgl_init' failed, running with rgl.useNULL = TRUE
Flavors: r-release-osx-x86_64, r-oldrel-osx-x86_64