CRAN Package Check Results for Package i2extras

Last updated on 2021-03-03 12:47:06 CET.

Flavor Version Tinstall Tcheck Ttotal Status Flags
r-devel-linux-x86_64-debian-clang 0.0.2 OK
r-devel-linux-x86_64-debian-gcc 0.0.2 3.82 82.95 86.77 OK
r-devel-linux-x86_64-fedora-clang 0.0.2 142.98 NOTE
r-devel-linux-x86_64-fedora-gcc 0.0.2 135.12 NOTE
r-devel-windows-ix86+x86_64 0.0.2 12.00 150.00 162.00 OK
r-patched-linux-x86_64 0.0.2 4.97 110.66 115.63 OK
r-patched-solaris-x86 0.0.2 176.50 NOTE
r-release-linux-x86_64 0.0.2 4.73 110.90 115.63 OK
r-release-macos-x86_64 0.0.2 NOTE
r-release-windows-ix86+x86_64 0.0.2 10.00 111.00 121.00 OK
r-oldrel-macos-x86_64 0.0.2 ERROR
r-oldrel-windows-ix86+x86_64 0.0.2 9.00 139.00 148.00 NOTE

Check Details

Version: 0.0.2
Check: dependencies in R code
Result: NOTE
    Namespace in Imports field not imported from: ‘MASS’
     All declared Imports should be used.
Flavors: r-devel-linux-x86_64-fedora-clang, r-devel-linux-x86_64-fedora-gcc, r-patched-solaris-x86, r-release-macos-x86_64

Version: 0.0.2
Check: package dependencies
Result: ERROR
    Package required but not available: ‘incidence2’
    
    See section ‘The DESCRIPTION file’ in the ‘Writing R Extensions’
    manual.
Flavor: r-oldrel-macos-x86_64

Version: 0.0.2
Check: R code for possible problems
Result: NOTE
    plot.incidence2_fit: no visible global function definition for 'plot'
    plot.incidence2_rolling: no visible global function definition for
     'plot'
    Undefined global functions or variables:
     plot
    Consider adding
     importFrom("graphics", "plot")
    to your NAMESPACE file.
Flavor: r-oldrel-windows-ix86+x86_64