CRAN Package Check Results for Package iBreakDown

Last updated on 2019-06-27 14:47:12 CEST.

Flavor Version Tinstall Tcheck Ttotal Status Flags
r-devel-linux-x86_64-debian-clang 0.9.6 4.00 252.78 256.78 OK
r-devel-linux-x86_64-debian-gcc 0.9.6 3.47 196.39 199.86 OK
r-devel-linux-x86_64-fedora-clang 0.9.6 307.70 OK
r-devel-linux-x86_64-fedora-gcc 0.9.6 299.43 OK
r-devel-windows-ix86+x86_64 0.9.6 15.00 497.00 512.00 OK
r-patched-linux-x86_64 0.9.6 4.21 244.63 248.84 OK
r-patched-solaris-x86 0.9.6 495.00 WARN
r-release-linux-x86_64 0.9.6 3.65 247.89 251.54 OK
r-release-windows-ix86+x86_64 0.9.6 11.00 508.00 519.00 OK
r-release-osx-x86_64 0.9.6 WARN
r-oldrel-windows-ix86+x86_64 0.9.6 7.00 384.00 391.00 OK
r-oldrel-osx-x86_64 0.9.6 WARN

Check Details

Version: 0.9.6
Check: package dependencies
Result: NOTE
    Package suggested but not available for checking: ‘xgboost’
Flavor: r-patched-solaris-x86

Version: 0.9.6
Check: installed package size
Result: NOTE
     installed size is 5.1Mb
     sub-directories of 1Mb or more:
     doc 4.9Mb
Flavor: r-patched-solaris-x86

Version: 0.9.6
Check: re-building of vignette outputs
Result: WARN
    Error(s) in re-building vignettes:
     ...
    --- re-building ‘vignette_iBreakDown_classification.Rmd’ using rmarkdown
    Warning in engine$weave(file, quiet = quiet, encoding = enc) :
     Pandoc (>= 1.12.3) and/or pandoc-citeproc not available. Falling back to R Markdown v1.
    Welcome to DALEX (version: 0.4).
    Find examples and detailed introduction at: https://pbiecek.github.io/PM_VEE/
    Additional features will be available after installation of: ingredients, ALEPlot, breakDown, pdp, factorMerger, ggpubr.
    Use 'install_dependencies()' to get all suggested dependencies
    randomForest 4.6-14
    Type rfNews() to see new features/changes/bug fixes.
    Loading required package: lattice
    Loading required package: ggplot2
    
    Attaching package: 'ggplot2'
    
    The following object is masked from 'package:randomForest':
    
     margin
    
    --- finished re-building ‘vignette_iBreakDown_classification.Rmd’
    
    --- re-building ‘vignette_iBreakDown_regression.Rmd’ using rmarkdown
    Warning in engine$weave(file, quiet = quiet, encoding = enc) :
     Pandoc (>= 1.12.3) and/or pandoc-citeproc not available. Falling back to R Markdown v1.
    Welcome to DALEX (version: 0.4).
    Find examples and detailed introduction at: https://pbiecek.github.io/PM_VEE/
    Additional features will be available after installation of: ingredients, ALEPlot, breakDown, pdp, factorMerger, ggpubr.
    Use 'install_dependencies()' to get all suggested dependencies
    randomForest 4.6-14
    Type rfNews() to see new features/changes/bug fixes.
    Loading required package: lattice
    Loading required package: ggplot2
    
    Attaching package: 'ggplot2'
    
    The following object is masked from 'package:randomForest':
    
     margin
    
    --- finished re-building ‘vignette_iBreakDown_regression.Rmd’
    
    --- re-building ‘vignette_iBreakDown_titanic.Rmd’ using rmarkdown
    Warning in engine$weave(file, quiet = quiet, encoding = enc) :
     Pandoc (>= 1.12.3) and/or pandoc-citeproc not available. Falling back to R Markdown v1.
    Welcome to DALEX (version: 0.4).
    Find examples and detailed introduction at: https://pbiecek.github.io/PM_VEE/
    Additional features will be available after installation of: ingredients, ALEPlot, breakDown, pdp, factorMerger, ggpubr.
    Use 'install_dependencies()' to get all suggested dependencies
    randomForest 4.6-14
    Type rfNews() to see new features/changes/bug fixes.
    Warning in randomForest.default(m, y, ...) :
     The response has five or fewer unique values. Are you sure you want to do regression?
    Quitting from lines 91-92 (vignette_iBreakDown_titanic.Rmd)
    Error: processing vignette 'vignette_iBreakDown_titanic.Rmd' failed with diagnostics:
    there is no package called 'webshot'
    --- failed re-building ‘vignette_iBreakDown_titanic.Rmd’
    
    SUMMARY: processing the following file failed:
     ‘vignette_iBreakDown_titanic.Rmd’
    
    Error: Vignette re-building failed.
    Execution halted
Flavor: r-patched-solaris-x86

Version: 0.9.6
Check: re-building of vignette outputs
Result: WARN
    Error(s) in re-building vignettes:
    --- re-building ‘vignette_iBreakDown_classification.Rmd’ using rmarkdown
    Warning in engine$weave(file, quiet = quiet, encoding = enc) :
     Pandoc (>= 1.12.3) and/or pandoc-citeproc not available. Falling back to R Markdown v1.
    Welcome to DALEX (version: 0.3.0).
    This is a plain DALEX. Use 'install_dependencies()' to get all required packages.
    randomForest 4.6-14
    Type rfNews() to see new features/changes/bug fixes.
    Loading required package: lattice
    Loading required package: ggplot2
    
    Attaching package: 'ggplot2'
    
    The following object is masked from 'package:randomForest':
    
     margin
    
    --- finished re-building ‘vignette_iBreakDown_classification.Rmd’
    
    --- re-building ‘vignette_iBreakDown_regression.Rmd’ using rmarkdown
    Warning in engine$weave(file, quiet = quiet, encoding = enc) :
     Pandoc (>= 1.12.3) and/or pandoc-citeproc not available. Falling back to R Markdown v1.
    Welcome to DALEX (version: 0.3.0).
    This is a plain DALEX. Use 'install_dependencies()' to get all required packages.
    randomForest 4.6-14
    Type rfNews() to see new features/changes/bug fixes.
    Loading required package: lattice
    Loading required package: ggplot2
    
    Attaching package: 'ggplot2'
    
    The following object is masked from 'package:randomForest':
    
     margin
    
    --- finished re-building ‘vignette_iBreakDown_regression.Rmd’
    
    --- re-building ‘vignette_iBreakDown_titanic.Rmd’ using rmarkdown
    Warning in engine$weave(file, quiet = quiet, encoding = enc) :
     Pandoc (>= 1.12.3) and/or pandoc-citeproc not available. Falling back to R Markdown v1.
    Welcome to DALEX (version: 0.3.0).
    This is a plain DALEX. Use 'install_dependencies()' to get all required packages.
    randomForest 4.6-14
    Type rfNews() to see new features/changes/bug fixes.
    Warning in randomForest.default(m, y, ...) :
     The response has five or fewer unique values. Are you sure you want to do regression?
    PhantomJS not found. You can install it with webshot::install_phantomjs(). If it is installed, please make sure the phantomjs executable can be found via the PATH variable.
    Warning in normalizePath(f2) :
     path[1]="webshot125c64659434f.png": No such file or directory
    Warning in file(con, "rb") :
     cannot open file 'webshot125c64659434f.png': No such file or directory
    Quitting from lines 91-92 (vignette_iBreakDown_titanic.Rmd)
    Error: processing vignette 'vignette_iBreakDown_titanic.Rmd' failed with diagnostics:
    cannot open the connection
    --- failed re-building ‘vignette_iBreakDown_titanic.Rmd’
    
    SUMMARY: processing the following file failed:
     ‘vignette_iBreakDown_titanic.Rmd’
    
    Error: Vignette re-building failed.
    Execution halted
Flavor: r-release-osx-x86_64

Version: 0.9.6
Check: re-building of vignette outputs
Result: WARN
    Error in re-building vignettes:
     ...
    Type rfNews() to see new features/changes/bug fixes.
    Loading required package: lattice
    Loading required package: ggplot2
    
    Attaching package: 'ggplot2'
    
    The following object is masked from 'package:randomForest':
    
     margin
    
    Warning in engine$weave(file, quiet = quiet, encoding = enc) :
     Pandoc (>= 1.12.3) and/or pandoc-citeproc not available. Falling back to R Markdown v1.
    Warning in engine$weave(file, quiet = quiet, encoding = enc) :
     Pandoc (>= 1.12.3) and/or pandoc-citeproc not available. Falling back to R Markdown v1.
    Warning in randomForest.default(m, y, ...) :
     The response has five or fewer unique values. Are you sure you want to do regression?
    PhantomJS not found. You can install it with webshot::install_phantomjs(). If it is installed, please make sure the phantomjs executable can be found via the PATH variable.
    Warning in normalizePath(f2) :
     path[1]="webshot14d5f7d8341a4.png": No such file or directory
    Warning in file(con, "rb") :
     cannot open file 'webshot14d5f7d8341a4.png': No such file or directory
    Quitting from lines 91-92 (vignette_iBreakDown_titanic.Rmd)
    Error: processing vignette 'vignette_iBreakDown_titanic.Rmd' failed with diagnostics:
    cannot open the connection
    Execution halted
Flavor: r-oldrel-osx-x86_64