CRAN Package Check Results for Package iC10TrainingData

Last updated on 2024-05-25 02:51:43 CEST.

Flavor Version Tinstall Tcheck Ttotal Status Flags
r-devel-linux-x86_64-debian-clang 1.3.1 1.81 18.94 20.75 OK
r-devel-linux-x86_64-debian-gcc 1.3.1 1.65 25.19 26.84 OK
r-devel-linux-x86_64-fedora-clang 1.3.1 41.97 NOTE
r-devel-linux-x86_64-fedora-gcc 1.3.1 41.04 OK
r-devel-windows-x86_64 1.3.1 2.00 51.00 53.00 NOTE
r-patched-linux-x86_64 1.3.1 2.04 20.30 22.34 OK
r-release-linux-x86_64 1.3.1 2.55 19.16 21.71 OK
r-release-macos-arm64 1.3.1 20.00 NOTE
r-release-windows-x86_64 1.3.1 2.00 51.00 53.00 NOTE
r-oldrel-macos-arm64 1.3.1 23.00 NOTE
r-oldrel-macos-x86_64 1.3.1 30.00 NOTE
r-oldrel-windows-x86_64 1.3.1 3.00 52.00 55.00 NOTE

Check Details

Version: 1.3.1
Check: installed package size
Result: NOTE installed size is 6.1Mb sub-directories of 1Mb or more: data 6.1Mb Flavors: r-devel-linux-x86_64-fedora-clang, r-devel-windows-x86_64, r-release-macos-arm64, r-release-windows-x86_64, r-oldrel-macos-arm64, r-oldrel-macos-x86_64, r-oldrel-windows-x86_64