CRAN Package Check Results for Package iCARH

Last updated on 2020-09-24 04:57:21 CEST.

Flavor Version Tinstall Tcheck Ttotal Status Flags
r-devel-linux-x86_64-debian-clang 2.0.2.1 10.19 261.79 271.98 OK
r-devel-linux-x86_64-debian-gcc 2.0.2.1 8.82 184.10 192.92 OK
r-devel-linux-x86_64-fedora-clang 2.0.2.1 343.44 OK
r-devel-linux-x86_64-fedora-gcc 2.0.2.1 291.83 OK
r-devel-windows-ix86+x86_64 2.0.2.1 27.00 239.00 266.00 OK
r-patched-linux-x86_64 2.0.2.1 7.15 234.12 241.27 OK
r-patched-solaris-x86 2.0.2.1 219.20 OK
r-release-linux-x86_64 2.0.2.1 6.74 233.00 239.74 OK
r-release-macos-x86_64 2.0.2.1 ERROR
r-release-windows-ix86+x86_64 2.0.2.1 28.00 245.00 273.00 OK
r-oldrel-macos-x86_64 2.0.2.1 WARN
r-oldrel-windows-ix86+x86_64 2.0.2.1 15.00 229.00 244.00 OK

Check Details

Version: 2.0.2.1
Check: package dependencies
Result: ERROR
    Package required but not available: ‘KEGGgraph’
    
    See section ‘The DESCRIPTION file’ in the ‘Writing R Extensions’
    manual.
Flavor: r-release-macos-x86_64

Version: 2.0.2.1
Check: re-building of vignette outputs
Result: WARN
    Error(s) in re-building vignettes:
     ...
    --- re-building ‘example.Rmd’ using rmarkdown
    Warning in engine$weave(file, quiet = quiet, encoding = enc) :
     Pandoc (>= 1.12.3) and/or pandoc-citeproc not available. Falling back to R Markdown v1.
    Quitting from lines 87-91 (example.Rmd)
    Error: processing vignette 'example.Rmd' failed with diagnostics:
    attempt to set an attribute on NULL
    --- failed re-building ‘example.Rmd’
    
    SUMMARY: processing the following file failed:
     ‘example.Rmd’
    
    Error: Vignette re-building failed.
    Execution halted
Flavor: r-oldrel-macos-x86_64