CRAN Package Check Results for Package iCiteR

Last updated on 2022-05-23 14:53:29 CEST.

Flavor Version Tinstall Tcheck Ttotal Status Flags
r-devel-linux-x86_64-debian-clang 0.2.1 2.60 37.82 40.42 NOTE
r-devel-linux-x86_64-debian-gcc 0.2.1 1.83 30.75 32.58 NOTE
r-devel-linux-x86_64-fedora-clang 0.2.1 52.69 NOTE
r-devel-linux-x86_64-fedora-gcc 0.2.1 49.20 NOTE
r-devel-windows-x86_64 0.2.1 10.00 77.00 87.00 NOTE
r-patched-linux-x86_64 0.2.1 2.34 38.02 40.36 NOTE
r-release-linux-x86_64 0.2.1 NOTE
r-release-macos-arm64 0.2.1 29.00 NOTE
r-release-macos-x86_64 0.2.1 34.00 NOTE
r-release-windows-x86_64 0.2.1 13.00 74.00 87.00 NOTE
r-oldrel-macos-arm64 0.2.1 40.00 NOTE
r-oldrel-macos-x86_64 0.2.1 1803.00 NOTE
r-oldrel-windows-ix86+x86_64 0.2.1 6.00 71.00 77.00 NOTE

Check Details

Version: 0.2.1
Check: LazyData
Result: NOTE
     'LazyData' is specified without a 'data' directory
Flavors: r-devel-linux-x86_64-debian-clang, r-devel-linux-x86_64-debian-gcc, r-devel-linux-x86_64-fedora-clang, r-devel-linux-x86_64-fedora-gcc, r-devel-windows-x86_64, r-patched-linux-x86_64, r-release-linux-x86_64, r-release-macos-arm64, r-release-macos-x86_64, r-release-windows-x86_64, r-oldrel-macos-arm64, r-oldrel-macos-x86_64, r-oldrel-windows-ix86+x86_64