CRAN Package Check Results for Package iDOVE

Last updated on 2021-10-19 06:49:19 CEST.

Flavor Version Tinstall Tcheck Ttotal Status Flags
r-devel-linux-x86_64-debian-clang 1.3 66.64 53.67 120.31 OK
r-devel-linux-x86_64-debian-gcc 1.3 56.54 41.60 98.14 OK
r-devel-linux-x86_64-fedora-clang 1.3 197.45 NOTE
r-devel-linux-x86_64-fedora-gcc 1.3 172.94 NOTE
r-devel-windows-x86_64 1.3 98.00 106.00 204.00 OK
r-devel-windows-x86_64-gcc10-UCRT 1.3 NOTE
r-patched-linux-x86_64 1.3 70.35 50.07 120.42 OK
r-patched-solaris-x86 1.3 152.50 NOTE
r-release-linux-x86_64 1.3 72.26 51.82 124.08 OK
r-release-macos-arm64 1.3 NOTE
r-release-macos-x86_64 1.3 NOTE
r-release-windows-ix86+x86_64 1.3 134.00 129.00 263.00 OK
r-oldrel-macos-x86_64 1.3 NOTE
r-oldrel-windows-ix86+x86_64 1.3 188.00 135.00 323.00 OK

Check Details

Version: 1.3
Check: dependencies in R code
Result: NOTE
    Namespace in Imports field not imported from: ‘knitr’
     All declared Imports should be used.
Flavors: r-devel-linux-x86_64-fedora-clang, r-devel-linux-x86_64-fedora-gcc, r-devel-windows-x86_64-gcc10-UCRT, r-patched-solaris-x86, r-release-macos-arm64, r-release-macos-x86_64, r-oldrel-macos-x86_64