CRAN Package Check Results for Package iFad

Last updated on 2018-12-16 13:46:32 CET.

Flavor Version Tinstall Tcheck Ttotal Status Flags
r-devel-linux-x86_64-debian-clang 3.0 2.87 32.17 35.04 NOTE
r-devel-linux-x86_64-debian-gcc 3.0 2.35 25.78 28.13 NOTE
r-devel-linux-x86_64-fedora-clang 3.0 40.70 NOTE
r-devel-linux-x86_64-fedora-gcc 3.0 39.48 NOTE
r-devel-windows-ix86+x86_64 3.0 9.00 68.00 77.00 NOTE
r-patched-linux-x86_64 3.0 2.47 30.31 32.78 NOTE
r-patched-solaris-x86 3.0 57.60 NOTE
r-release-linux-x86_64 3.0 2.02 30.41 32.43 NOTE
r-release-windows-ix86+x86_64 3.0 10.00 67.00 77.00 NOTE
r-release-osx-x86_64 3.0 NOTE
r-oldrel-windows-ix86+x86_64 3.0 10.00 67.00 77.00 NOTE
r-oldrel-osx-x86_64 3.0 NOTE

Check Details

Version: 3.0
Check: R code for possible problems
Result: NOTE
    ROC_plot: no visible global function definition for ‘pdf’
    ROC_plot: no visible global function definition for ‘par’
    ROC_plot: no visible global function definition for ‘dev.off’
    Ymean_compare: no visible binding for global variable ‘sd’
    Ymean_compare: no visible global function definition for ‘pdf’
    Ymean_compare: no visible global function definition for ‘par’
    Ymean_compare: no visible global function definition for ‘dev.off’
    data_simulation: no visible global function definition for ‘rnorm’
    gibbs_sampling: no visible global function definition for ‘rnorm’
    mcmc_trace_plot: no visible global function definition for ‘pdf’
    mcmc_trace_plot: no visible global function definition for ‘dev.off’
    Undefined global functions or variables:
     dev.off par pdf rnorm sd
    Consider adding
     importFrom("grDevices", "dev.off", "pdf")
     importFrom("graphics", "par")
     importFrom("stats", "rnorm", "sd")
    to your NAMESPACE file.
Flavors: r-devel-linux-x86_64-debian-clang, r-devel-linux-x86_64-debian-gcc, r-devel-linux-x86_64-fedora-clang, r-devel-linux-x86_64-fedora-gcc, r-devel-windows-ix86+x86_64, r-patched-linux-x86_64, r-patched-solaris-x86, r-release-linux-x86_64, r-release-windows-ix86+x86_64, r-release-osx-x86_64, r-oldrel-windows-ix86+x86_64, r-oldrel-osx-x86_64