CRAN Package Check Results for Package iIneq

Last updated on 2022-08-15 02:53:44 CEST.

Flavor Version Tinstall Tcheck Ttotal Status Flags
r-devel-linux-x86_64-debian-clang 1.0.2 2.53 23.17 25.70 NOTE
r-devel-linux-x86_64-debian-gcc 1.0.2 1.94 17.99 19.93 NOTE
r-devel-linux-x86_64-fedora-clang 1.0.2 41.70 NOTE
r-devel-linux-x86_64-fedora-gcc 1.0.2 41.08 NOTE
r-devel-windows-x86_64 1.0.2 7.00 46.00 53.00 NOTE
r-patched-linux-x86_64 1.0.2 1.71 22.81 24.52 NOTE
r-release-linux-x86_64 1.0.2 2.27 22.96 25.23 NOTE
r-release-macos-arm64 1.0.2 17.00 NOTE
r-release-macos-x86_64 1.0.2 20.00 NOTE
r-release-windows-x86_64 1.0.2 9.00 48.00 57.00 NOTE
r-oldrel-macos-arm64 1.0.2 23.00 NOTE
r-oldrel-macos-x86_64 1.0.2 27.00 NOTE
r-oldrel-windows-ix86+x86_64 1.0.2 6.00 46.00 52.00 NOTE

Check Details

Version: 1.0.2
Check: LazyData
Result: NOTE
     'LazyData' is specified without a 'data' directory
Flavors: r-devel-linux-x86_64-debian-clang, r-devel-linux-x86_64-debian-gcc, r-devel-linux-x86_64-fedora-clang, r-devel-linux-x86_64-fedora-gcc, r-devel-windows-x86_64, r-patched-linux-x86_64, r-release-linux-x86_64, r-release-macos-arm64, r-release-macos-x86_64, r-release-windows-x86_64, r-oldrel-macos-arm64, r-oldrel-macos-x86_64, r-oldrel-windows-ix86+x86_64