CRAN Package Check Results for Package iNZightRegression

Last updated on 2021-02-27 08:50:36 CET.

Flavor Version Tinstall Tcheck Ttotal Status Flags
r-devel-linux-x86_64-debian-clang 1.3.0 14.81 146.20 161.01 OK
r-devel-linux-x86_64-debian-gcc 1.3.0 12.76 109.32 122.08 OK
r-devel-linux-x86_64-fedora-clang 1.3.0 197.64 NOTE
r-devel-linux-x86_64-fedora-gcc 1.3.0 187.91 NOTE
r-devel-windows-ix86+x86_64 1.3.0 23.00 127.00 150.00 OK
r-patched-linux-x86_64 1.3.0 15.86 133.82 149.68 OK
r-patched-solaris-x86 1.3.0 267.30 NOTE
r-release-linux-x86_64 1.3.0 13.25 136.35 149.60 OK
r-release-macos-x86_64 1.3.0 NOTE
r-release-windows-ix86+x86_64 1.3.0 37.00 183.00 220.00 OK
r-oldrel-macos-x86_64 1.3.0 NOTE
r-oldrel-windows-ix86+x86_64 1.3.0 21.00 129.00 150.00 OK

Check Details

Version: 1.3.0
Check: dependencies in R code
Result: NOTE
    Namespaces in Imports field not imported from:
     ‘iNZightTools’ ‘magrittr’
     All declared Imports should be used.
Flavors: r-devel-linux-x86_64-fedora-clang, r-devel-linux-x86_64-fedora-gcc, r-patched-solaris-x86, r-release-macos-x86_64, r-oldrel-macos-x86_64