CRAN Package Check Results for Package iRafNet

Last updated on 2020-09-18 19:49:07 CEST.

Flavor Version Tinstall Tcheck Ttotal Status Flags
r-devel-linux-x86_64-debian-clang 1.1-1 4.40 25.77 30.17 OK
r-devel-linux-x86_64-debian-gcc 1.1-1 3.27 20.25 23.52 OK
r-devel-linux-x86_64-fedora-clang 1.1-1 45.44 NOTE
r-devel-linux-x86_64-fedora-gcc 1.1-1 36.13 NOTE
r-devel-windows-ix86+x86_64 1.1-1 11.00 42.00 53.00 OK
r-patched-linux-x86_64 1.1-1 3.91 25.11 29.02 OK
r-patched-solaris-x86 1.1-1 55.70 OK
r-release-linux-x86_64 1.1-1 4.13 25.41 29.54 OK
r-release-macos-x86_64 1.1-1 OK
r-release-windows-ix86+x86_64 1.1-1 11.00 40.00 51.00 OK
r-oldrel-macos-x86_64 1.1-1 OK
r-oldrel-windows-ix86+x86_64 1.1-1 7.00 54.00 61.00 OK

Check Details

Version: 1.1-1
Check: compiled code
Result: NOTE
    File ‘iRafNet/libs/iRafNet.so’:
     Found no calls to: ‘R_registerRoutines’, ‘R_useDynamicSymbols’
    
    It is good practice to register native routines and to disable symbol
    search.
    
    See ‘Writing portable packages’ in the ‘Writing R Extensions’ manual.
Flavors: r-devel-linux-x86_64-fedora-clang, r-devel-linux-x86_64-fedora-gcc