CRAN Package Check Results for Package iSDM

Last updated on 2022-12-04 22:54:45 CET.

Flavor Version Tinstall Tcheck Ttotal Status Flags
r-devel-linux-x86_64-debian-clang 1.0 2.76 36.33 39.09 OK
r-devel-linux-x86_64-debian-gcc 1.0 2.21 28.31 30.52 OK
r-devel-linux-x86_64-fedora-clang 1.0 61.47 NOTE
r-devel-linux-x86_64-fedora-gcc 1.0 61.06 NOTE
r-devel-windows-x86_64 1.0 7.00 65.00 72.00 OK
r-patched-linux-x86_64 1.0 1.83 35.16 36.99 OK
r-release-linux-x86_64 1.0 1.98 36.62 38.60 OK
r-release-macos-arm64 1.0 20.00 NOTE
r-release-macos-x86_64 1.0 32.00 NOTE
r-release-windows-x86_64 1.0 7.00 67.00 74.00 OK
r-oldrel-macos-arm64 1.0 21.00 NOTE
r-oldrel-macos-x86_64 1.0 30.00 NOTE
r-oldrel-windows-ix86+x86_64 1.0 9.00 62.00 71.00 OK

Check Details

Version: 1.0
Check: dependencies in R code
Result: NOTE
    Namespaces in Imports field not imported from:
     ‘colorRamps’ ‘virtualspecies’
     All declared Imports should be used.
Flavors: r-devel-linux-x86_64-fedora-clang, r-devel-linux-x86_64-fedora-gcc, r-release-macos-arm64, r-release-macos-x86_64, r-oldrel-macos-arm64, r-oldrel-macos-x86_64