CRAN Package Check Results for Package iSFun

Last updated on 2024-05-27 17:55:07 CEST.

Flavor Version Tinstall Tcheck Ttotal Status Flags
r-devel-linux-x86_64-debian-clang 1.1.0 21.42 171.42 192.84 NOTE
r-devel-linux-x86_64-debian-gcc 1.1.0 18.53 124.87 143.40 NOTE
r-devel-linux-x86_64-fedora-clang 1.1.0 237.92 NOTE
r-devel-linux-x86_64-fedora-gcc 1.1.0 224.64 NOTE
r-devel-windows-x86_64 1.1.0 19.00 130.00 149.00 NOTE
r-patched-linux-x86_64 1.1.0 16.62 162.78 179.40 NOTE
r-release-linux-x86_64 1.1.0 14.60 164.17 178.77 NOTE
r-release-macos-arm64 1.1.0 63.00 NOTE
r-release-windows-x86_64 1.1.0 18.00 131.00 149.00 NOTE
r-oldrel-macos-arm64 1.1.0 69.00 OK
r-oldrel-macos-x86_64 1.1.0 116.00 OK
r-oldrel-windows-x86_64 1.1.0 24.00 157.00 181.00 OK

Check Details

Version: 1.1.0
Check: Rd files
Result: NOTE checkRd: (-1) iscca.Rd:47: Lost braces in \itemize; \value handles \item{}{} directly checkRd: (-1) iscca.Rd:48: Lost braces in \itemize; \value handles \item{}{} directly checkRd: (-1) iscca.Rd:49: Lost braces in \itemize; \value handles \item{}{} directly checkRd: (-1) iscca.Rd:50: Lost braces in \itemize; \value handles \item{}{} directly checkRd: (-1) iscca.Rd:51: Lost braces in \itemize; \value handles \item{}{} directly checkRd: (-1) iscca.Rd:52: Lost braces in \itemize; \value handles \item{}{} directly checkRd: (-1) iscca.Rd:53: Lost braces in \itemize; \value handles \item{}{} directly checkRd: (-1) iscca.Rd:54: Lost braces in \itemize; \value handles \item{}{} directly checkRd: (-1) iscca.Rd:55: Lost braces in \itemize; \value handles \item{}{} directly checkRd: (-1) iscca.Rd:56: Lost braces in \itemize; \value handles \item{}{} directly checkRd: (-1) iscca.cv.Rd:45: Lost braces in \itemize; \value handles \item{}{} directly checkRd: (-1) iscca.cv.Rd:46: Lost braces in \itemize; \value handles \item{}{} directly checkRd: (-1) iscca.cv.Rd:47: Lost braces in \itemize; \value handles \item{}{} directly checkRd: (-1) iscca.cv.Rd:48: Lost braces in \itemize; \value handles \item{}{} directly checkRd: (-1) iscca.cv.Rd:49: Lost braces in \itemize; \value handles \item{}{} directly checkRd: (-1) iscca.cv.Rd:50: Lost braces in \itemize; \value handles \item{}{} directly checkRd: (-1) iscca.cv.Rd:51: Lost braces in \itemize; \value handles \item{}{} directly checkRd: (-1) iscca.cv.Rd:52: Lost braces in \itemize; \value handles \item{}{} directly checkRd: (-1) iscca.cv.Rd:53: Lost braces in \itemize; \value handles \item{}{} directly checkRd: (-1) iscca.cv.Rd:54: Lost braces in \itemize; \value handles \item{}{} directly checkRd: (-1) iscca.cv.Rd:55: Lost braces in \itemize; \value handles \item{}{} directly checkRd: (-1) iscca.cv.Rd:56: Lost braces in \itemize; \value handles \item{}{} directly checkRd: (-1) iscca.cv.Rd:57: Lost braces in \itemize; \value handles \item{}{} directly checkRd: (-1) iscca.cv.Rd:58: Lost braces in \itemize; \value handles \item{}{} directly checkRd: (-1) iscca.cv.Rd:59: Lost braces in \itemize; \value handles \item{}{} directly checkRd: (-1) ispca.Rd:39: Lost braces in \itemize; \value handles \item{}{} directly checkRd: (-1) ispca.Rd:40: Lost braces in \itemize; \value handles \item{}{} directly checkRd: (-1) ispca.Rd:41: Lost braces in \itemize; \value handles \item{}{} directly checkRd: (-1) ispca.Rd:42: Lost braces in \itemize; \value handles \item{}{} directly checkRd: (-1) ispca.Rd:43: Lost braces in \itemize; \value handles \item{}{} directly checkRd: (-1) ispca.Rd:44: Lost braces in \itemize; \value handles \item{}{} directly checkRd: (-1) ispca.Rd:45: Lost braces in \itemize; \value handles \item{}{} directly checkRd: (-1) ispca.cv.Rd:37: Lost braces in \itemize; \value handles \item{}{} directly checkRd: (-1) ispca.cv.Rd:38: Lost braces in \itemize; \value handles \item{}{} directly checkRd: (-1) ispca.cv.Rd:39: Lost braces in \itemize; \value handles \item{}{} directly checkRd: (-1) ispca.cv.Rd:40: Lost braces in \itemize; \value handles \item{}{} directly checkRd: (-1) ispca.cv.Rd:41: Lost braces in \itemize; \value handles \item{}{} directly checkRd: (-1) ispca.cv.Rd:42: Lost braces in \itemize; \value handles \item{}{} directly checkRd: (-1) ispca.cv.Rd:43: Lost braces in \itemize; \value handles \item{}{} directly checkRd: (-1) ispca.cv.Rd:44: Lost braces in \itemize; \value handles \item{}{} directly checkRd: (-1) ispca.cv.Rd:45: Lost braces in \itemize; \value handles \item{}{} directly checkRd: (-1) ispca.cv.Rd:46: Lost braces in \itemize; \value handles \item{}{} directly checkRd: (-1) ispca.cv.Rd:47: Lost braces in \itemize; \value handles \item{}{} directly checkRd: (-1) ispls.Rd:46: Lost braces in \itemize; \value handles \item{}{} directly checkRd: (-1) ispls.Rd:47: Lost braces in \itemize; \value handles \item{}{} directly checkRd: (-1) ispls.Rd:48: Lost braces in \itemize; \value handles \item{}{} directly checkRd: (-1) ispls.Rd:49: Lost braces in \itemize; \value handles \item{}{} directly checkRd: (-1) ispls.Rd:50: Lost braces in \itemize; \value handles \item{}{} directly checkRd: (-1) ispls.Rd:51: Lost braces in \itemize; \value handles \item{}{} directly checkRd: (-1) ispls.Rd:52: Lost braces in \itemize; \value handles \item{}{} directly checkRd: (-1) ispls.Rd:53: Lost braces in \itemize; \value handles \item{}{} directly checkRd: (-1) ispls.Rd:54: Lost braces in \itemize; \value handles \item{}{} directly checkRd: (-1) ispls.cv.Rd:43: Lost braces in \itemize; \value handles \item{}{} directly checkRd: (-1) ispls.cv.Rd:44: Lost braces in \itemize; \value handles \item{}{} directly checkRd: (-1) ispls.cv.Rd:45: Lost braces in \itemize; \value handles \item{}{} directly checkRd: (-1) ispls.cv.Rd:46: Lost braces in \itemize; \value handles \item{}{} directly checkRd: (-1) ispls.cv.Rd:47: Lost braces in \itemize; \value handles \item{}{} directly checkRd: (-1) ispls.cv.Rd:48: Lost braces in \itemize; \value handles \item{}{} directly checkRd: (-1) ispls.cv.Rd:49: Lost braces in \itemize; \value handles \item{}{} directly checkRd: (-1) ispls.cv.Rd:50: Lost braces in \itemize; \value handles \item{}{} directly checkRd: (-1) ispls.cv.Rd:51: Lost braces in \itemize; \value handles \item{}{} directly checkRd: (-1) ispls.cv.Rd:52: Lost braces in \itemize; \value handles \item{}{} directly checkRd: (-1) ispls.cv.Rd:53: Lost braces in \itemize; \value handles \item{}{} directly checkRd: (-1) ispls.cv.Rd:54: Lost braces in \itemize; \value handles \item{}{} directly checkRd: (-1) meta.scca.Rd:34: Lost braces in \itemize; \value handles \item{}{} directly checkRd: (-1) meta.scca.Rd:35: Lost braces in \itemize; \value handles \item{}{} directly checkRd: (-1) meta.scca.Rd:36: Lost braces in \itemize; \value handles \item{}{} directly checkRd: (-1) meta.scca.Rd:37: Lost braces in \itemize; \value handles \item{}{} directly checkRd: (-1) meta.scca.Rd:38: Lost braces in \itemize; \value handles \item{}{} directly checkRd: (-1) meta.scca.Rd:39: Lost braces in \itemize; \value handles \item{}{} directly checkRd: (-1) meta.scca.Rd:40: Lost braces in \itemize; \value handles \item{}{} directly checkRd: (-1) meta.scca.Rd:41: Lost braces in \itemize; \value handles \item{}{} directly checkRd: (-1) meta.scca.Rd:42: Lost braces in \itemize; \value handles \item{}{} directly checkRd: (-1) meta.scca.Rd:43: Lost braces in \itemize; \value handles \item{}{} directly checkRd: (-1) meta.spca.Rd:28: Lost braces in \itemize; \value handles \item{}{} directly checkRd: (-1) meta.spca.Rd:29: Lost braces in \itemize; \value handles \item{}{} directly checkRd: (-1) meta.spca.Rd:30: Lost braces in \itemize; \value handles \item{}{} directly checkRd: (-1) meta.spca.Rd:31: Lost braces in \itemize; \value handles \item{}{} directly checkRd: (-1) meta.spca.Rd:32: Lost braces in \itemize; \value handles \item{}{} directly checkRd: (-1) meta.spca.Rd:33: Lost braces in \itemize; \value handles \item{}{} directly checkRd: (-1) meta.spca.Rd:34: Lost braces in \itemize; \value handles \item{}{} directly checkRd: (-1) meta.spls.Rd:34: Lost braces in \itemize; \value handles \item{}{} directly checkRd: (-1) meta.spls.Rd:35: Lost braces in \itemize; \value handles \item{}{} directly checkRd: (-1) meta.spls.Rd:36: Lost braces in \itemize; \value handles \item{}{} directly checkRd: (-1) meta.spls.Rd:37: Lost braces in \itemize; \value handles \item{}{} directly checkRd: (-1) meta.spls.Rd:38: Lost braces in \itemize; \value handles \item{}{} directly checkRd: (-1) meta.spls.Rd:39: Lost braces in \itemize; \value handles \item{}{} directly checkRd: (-1) meta.spls.Rd:40: Lost braces in \itemize; \value handles \item{}{} directly checkRd: (-1) meta.spls.Rd:41: Lost braces in \itemize; \value handles \item{}{} directly checkRd: (-1) meta.spls.Rd:42: Lost braces in \itemize; \value handles \item{}{} directly checkRd: (-1) preview.cca.Rd:23: Lost braces in \itemize; \value handles \item{}{} directly checkRd: (-1) preview.cca.Rd:24: Lost braces in \itemize; \value handles \item{}{} directly checkRd: (-1) preview.cca.Rd:25: Lost braces in \itemize; \value handles \item{}{} directly checkRd: (-1) preview.cca.Rd:26: Lost braces in \itemize; \value handles \item{}{} directly checkRd: (-1) preview.cca.Rd:27: Lost braces in \itemize; \value handles \item{}{} directly checkRd: (-1) preview.cca.Rd:28: Lost braces in \itemize; \value handles \item{}{} directly checkRd: (-1) preview.cca.Rd:29: Lost braces in \itemize; \value handles \item{}{} directly checkRd: (-1) preview.cca.Rd:30: Lost braces in \itemize; \value handles \item{}{} directly checkRd: (-1) preview.pca.Rd:19: Lost braces in \itemize; \value handles \item{}{} directly checkRd: (-1) preview.pca.Rd:20: Lost braces in \itemize; \value handles \item{}{} directly checkRd: (-1) preview.pca.Rd:21: Lost braces in \itemize; \value handles \item{}{} directly checkRd: (-1) preview.pca.Rd:22: Lost braces in \itemize; \value handles \item{}{} directly checkRd: (-1) preview.pca.Rd:23: Lost braces in \itemize; \value handles \item{}{} directly checkRd: (-1) preview.pca.Rd:24: Lost braces in \itemize; \value handles \item{}{} directly checkRd: (-1) preview.pls.Rd:23: Lost braces in \itemize; \value handles \item{}{} directly checkRd: (-1) preview.pls.Rd:24: Lost braces in \itemize; \value handles \item{}{} directly checkRd: (-1) preview.pls.Rd:25: Lost braces in \itemize; \value handles \item{}{} directly checkRd: (-1) preview.pls.Rd:26: Lost braces in \itemize; \value handles \item{}{} directly checkRd: (-1) preview.pls.Rd:27: Lost braces in \itemize; \value handles \item{}{} directly checkRd: (-1) preview.pls.Rd:28: Lost braces in \itemize; \value handles \item{}{} directly checkRd: (-1) preview.pls.Rd:29: Lost braces in \itemize; \value handles \item{}{} directly checkRd: (-1) scca.Rd:32: Lost braces in \itemize; \value handles \item{}{} directly checkRd: (-1) scca.Rd:33: Lost braces in \itemize; \value handles \item{}{} directly checkRd: (-1) scca.Rd:34: Lost braces in \itemize; \value handles \item{}{} directly checkRd: (-1) scca.Rd:35: Lost braces in \itemize; \value handles \item{}{} directly checkRd: (-1) scca.Rd:36: Lost braces in \itemize; \value handles \item{}{} directly checkRd: (-1) scca.Rd:37: Lost braces in \itemize; \value handles \item{}{} directly checkRd: (-1) scca.Rd:38: Lost braces in \itemize; \value handles \item{}{} directly checkRd: (-1) scca.Rd:39: Lost braces in \itemize; \value handles \item{}{} directly checkRd: (-1) scca.Rd:40: Lost braces in \itemize; \value handles \item{}{} directly checkRd: (-1) scca.Rd:41: Lost braces in \itemize; \value handles \item{}{} directly checkRd: (-1) spca.Rd:26: Lost braces in \itemize; \value handles \item{}{} directly checkRd: (-1) spca.Rd:27: Lost braces in \itemize; \value handles \item{}{} directly checkRd: (-1) spca.Rd:28: Lost braces in \itemize; \value handles \item{}{} directly checkRd: (-1) spca.Rd:29: Lost braces in \itemize; \value handles \item{}{} directly checkRd: (-1) spca.Rd:30: Lost braces in \itemize; \value handles \item{}{} directly checkRd: (-1) spca.Rd:31: Lost braces in \itemize; \value handles \item{}{} directly checkRd: (-1) spca.Rd:32: Lost braces in \itemize; \value handles \item{}{} directly checkRd: (-1) spls.Rd:32: Lost braces in \itemize; \value handles \item{}{} directly checkRd: (-1) spls.Rd:33: Lost braces in \itemize; \value handles \item{}{} directly checkRd: (-1) spls.Rd:34: Lost braces in \itemize; \value handles \item{}{} directly checkRd: (-1) spls.Rd:35: Lost braces in \itemize; \value handles \item{}{} directly checkRd: (-1) spls.Rd:36: Lost braces in \itemize; \value handles \item{}{} directly checkRd: (-1) spls.Rd:37: Lost braces in \itemize; \value handles \item{}{} directly checkRd: (-1) spls.Rd:38: Lost braces in \itemize; \value handles \item{}{} directly checkRd: (-1) spls.Rd:39: Lost braces in \itemize; \value handles \item{}{} directly checkRd: (-1) spls.Rd:40: Lost braces in \itemize; \value handles \item{}{} directly Flavors: r-devel-linux-x86_64-debian-clang, r-devel-linux-x86_64-debian-gcc, r-devel-linux-x86_64-fedora-clang, r-devel-linux-x86_64-fedora-gcc, r-devel-windows-x86_64, r-patched-linux-x86_64, r-release-linux-x86_64, r-release-macos-arm64, r-release-windows-x86_64