Last updated on 2023-12-10 04:56:00 CET.
Flavor | Version | Tinstall | Tcheck | Ttotal | Status | Flags |
---|---|---|---|---|---|---|
r-devel-linux-x86_64-debian-clang | 0.1.0 | 4.36 | 33.83 | 38.19 | OK | |
r-devel-linux-x86_64-debian-gcc | 0.1.0 | 3.75 | 26.80 | 30.55 | OK | |
r-devel-linux-x86_64-fedora-clang | 0.1.0 | 48.97 | OK | |||
r-devel-linux-x86_64-fedora-gcc | 0.1.0 | 58.70 | OK | |||
r-devel-windows-x86_64 | 0.1.0 | 5.00 | 48.00 | 53.00 | OK | |
r-patched-linux-x86_64 | 0.1.0 | 4.49 | 32.74 | 37.23 | OK | |
r-release-linux-x86_64 | 0.1.0 | 4.77 | 32.23 | 37.00 | OK | |
r-release-macos-arm64 | 0.1.0 | 27.00 | OK | |||
r-release-macos-x86_64 | 0.1.0 | 41.00 | NOTE | |||
r-release-windows-x86_64 | 0.1.0 | 5.00 | 51.00 | 56.00 | OK | |
r-oldrel-macos-arm64 | 0.1.0 | 25.00 | OK | |||
r-oldrel-macos-x86_64 | 0.1.0 | 31.00 | OK | |||
r-oldrel-windows-x86_64 | 0.1.0 | 7.00 | 56.00 | 63.00 | OK |
Version: 0.1.0
Check: installed package size
Result: NOTE
installed size is 5.0Mb
sub-directories of 1Mb or more:
data 4.4Mb
Flavor: r-release-macos-x86_64