CRAN Package Check Results for Package ib

Last updated on 2021-07-25 10:49:28 CEST.

Flavor Version Tinstall Tcheck Ttotal Status Flags
r-devel-linux-x86_64-debian-clang 0.1.0 15.84 100.49 116.33 NOTE
r-devel-linux-x86_64-debian-gcc 0.1.0 14.09 77.89 91.98 NOTE
r-devel-linux-x86_64-fedora-clang 0.1.0 148.63 NOTE
r-devel-linux-x86_64-fedora-gcc 0.1.0 138.91 NOTE
r-devel-windows-x86_64 0.1.0 17.00 102.00 119.00 NOTE
r-devel-windows-x86_64-gcc10-UCRT 0.1.0 NOTE
r-patched-linux-x86_64 0.1.0 15.07 95.64 110.71 NOTE
r-patched-solaris-x86 0.1.0 201.30 NOTE
r-release-linux-x86_64 0.1.0 15.00 98.49 113.49 NOTE
r-release-macos-arm64 0.1.0 NOTE
r-release-macos-x86_64 0.1.0 NOTE
r-release-windows-ix86+x86_64 0.1.0 36.00 92.00 128.00 NOTE
r-oldrel-macos-x86_64 0.1.0 OK
r-oldrel-windows-ix86+x86_64 0.1.0 35.00 125.00 160.00 OK

Check Details

Version: 0.1.0
Check: LazyData
Result: NOTE
     'LazyData' is specified without a 'data' directory
Flavors: r-devel-linux-x86_64-debian-clang, r-devel-linux-x86_64-debian-gcc, r-devel-linux-x86_64-fedora-clang, r-devel-linux-x86_64-fedora-gcc, r-devel-windows-x86_64, r-devel-windows-x86_64-gcc10-UCRT, r-patched-linux-x86_64, r-patched-solaris-x86, r-release-linux-x86_64, r-release-macos-arm64, r-release-macos-x86_64, r-release-windows-ix86+x86_64