CRAN Package Check Results for Package ibb

Last updated on 2020-10-26 16:51:07 CET.

Flavor Version Tinstall Tcheck Ttotal Status Flags
r-devel-linux-x86_64-debian-clang 0.0.1 3.97 35.80 39.77 OK
r-devel-linux-x86_64-debian-gcc 0.0.1 2.67 27.16 29.83 OK
r-devel-linux-x86_64-fedora-clang 0.0.1 55.27 NOTE
r-devel-linux-x86_64-fedora-gcc 0.0.1 46.44 NOTE
r-devel-windows-ix86+x86_64 0.0.1 8.00 54.00 62.00 OK
r-patched-linux-x86_64 0.0.1 3.65 33.00 36.65 OK
r-patched-solaris-x86 0.0.1 64.30 NOTE
r-release-linux-x86_64 0.0.1 3.52 32.98 36.50 OK
r-release-macos-x86_64 0.0.1 NOTE
r-release-windows-ix86+x86_64 0.0.1 9.00 40.00 49.00 OK
r-oldrel-macos-x86_64 0.0.1 NOTE
r-oldrel-windows-ix86+x86_64 0.0.1 7.00 49.00 56.00 OK

Check Details

Version: 0.0.1
Check: dependencies in R code
Result: NOTE
    Namespace in Imports field not imported from: ‘xml2’
     All declared Imports should be used.
Flavors: r-devel-linux-x86_64-fedora-clang, r-devel-linux-x86_64-fedora-gcc, r-patched-solaris-x86, r-release-macos-x86_64, r-oldrel-macos-x86_64

Version: 0.0.1
Check: data for non-ASCII characters
Result: NOTE
     Note: found 359 marked UTF-8 strings
Flavors: r-devel-linux-x86_64-fedora-clang, r-devel-linux-x86_64-fedora-gcc, r-patched-solaris-x86, r-release-macos-x86_64, r-oldrel-macos-x86_64