Last updated on 2021-03-01 04:47:01 CET.
Flavor | Version | Tinstall | Tcheck | Ttotal | Status | Flags |
---|---|---|---|---|---|---|
r-devel-linux-x86_64-debian-clang | 0.2.1 | OK | ||||
r-devel-linux-x86_64-debian-gcc | 0.2.1 | 2.41 | 23.37 | 25.78 | OK | |
r-devel-linux-x86_64-fedora-clang | 0.2.1 | 48.97 | OK | |||
r-devel-linux-x86_64-fedora-gcc | 0.2.1 | 38.61 | OK | |||
r-devel-windows-ix86+x86_64 | 0.2.1 | 7.00 | 33.00 | 40.00 | OK | |
r-patched-linux-x86_64 | 0.2.1 | 3.04 | 29.24 | 32.28 | OK | |
r-patched-solaris-x86 | 0.2.1 | 59.00 | OK | |||
r-release-linux-x86_64 | 0.2.1 | 2.89 | 29.31 | 32.20 | OK | |
r-release-macos-x86_64 | 0.2.1 | OK | ||||
r-release-windows-ix86+x86_64 | 0.2.1 | 7.00 | 4.00 | 11.00 | ERROR | |
r-oldrel-macos-x86_64 | 0.2.1 | ERROR | ||||
r-oldrel-windows-ix86+x86_64 | 0.1.2 | 4.00 | 32.00 | 36.00 | OK |
Version: 0.2.1
Check: whether package can be installed
Result: ERROR
Installation failed.
Flavor: r-release-windows-ix86+x86_64
Version: 0.2.1
Check: package dependencies
Result: ERROR
Package required and available but unsuitable version: ‘XML’
See section ‘The DESCRIPTION file’ in the ‘Writing R Extensions’
manual.
Flavor: r-oldrel-macos-x86_64