CRAN Package Check Results for Package ibmAcousticR

Last updated on 2024-07-22 21:56:29 CEST.

Flavor Version Tinstall Tcheck Ttotal Status Flags
r-devel-linux-x86_64-debian-clang 0.2.1 3.24 30.98 34.22 NOTE
r-devel-linux-x86_64-debian-gcc 0.2.1 2.54 23.96 26.50 NOTE
r-devel-linux-x86_64-fedora-clang 0.2.1 44.39 NOTE
r-devel-linux-x86_64-fedora-gcc 0.2.1 40.42 NOTE
r-devel-windows-x86_64 0.2.1 4.00 44.00 48.00 NOTE
r-patched-linux-x86_64 0.2.1 3.37 30.26 33.63 NOTE
r-release-linux-x86_64 0.2.1 2.77 29.15 31.92 NOTE
r-release-macos-arm64 0.2.1 18.00 NOTE
r-release-macos-x86_64 0.2.1 24.00 NOTE
r-release-windows-x86_64 0.2.1 4.00 44.00 48.00 NOTE
r-oldrel-macos-arm64 0.2.1 18.00 NOTE
r-oldrel-macos-x86_64 0.2.1 27.00 NOTE
r-oldrel-windows-x86_64 0.2.1 5.00 49.00 54.00 NOTE

Check Details

Version: 0.2.1
Check: LazyData
Result: NOTE 'LazyData' is specified without a 'data' directory Flavors: r-devel-linux-x86_64-debian-clang, r-devel-linux-x86_64-debian-gcc, r-devel-linux-x86_64-fedora-clang, r-devel-linux-x86_64-fedora-gcc, r-devel-windows-x86_64, r-patched-linux-x86_64, r-release-linux-x86_64, r-release-macos-arm64, r-release-macos-x86_64, r-release-windows-x86_64, r-oldrel-macos-arm64, r-oldrel-macos-x86_64, r-oldrel-windows-x86_64