CRAN Package Check Results for Package ibmAcousticR

Last updated on 2023-03-27 05:52:43 CEST.

Flavor Version Tinstall Tcheck Ttotal Status Flags
r-devel-linux-x86_64-debian-clang 0.2.1 2.04 30.55 32.59 NOTE
r-devel-linux-x86_64-debian-gcc 0.2.1 2.48 23.76 26.24 NOTE
r-devel-linux-x86_64-fedora-clang 0.2.1 43.57 NOTE
r-devel-linux-x86_64-fedora-gcc 0.2.1 40.82 NOTE
r-patched-linux-x86_64 0.2.1 3.34 29.54 32.88 NOTE
r-release-linux-x86_64 0.2.1 3.29 30.71 34.00 NOTE
r-release-macos-arm64 0.2.1 19.00 NOTE
r-release-macos-x86_64 0.2.1 24.00 NOTE
r-release-windows-x86_64 0.2.1 28.00 60.00 88.00 NOTE
r-oldrel-macos-arm64 0.2.1 20.00 NOTE
r-oldrel-macos-x86_64 0.2.1 30.00 NOTE
r-oldrel-windows-ix86+x86_64 0.2.1 8.00 60.00 68.00 NOTE

Check Details

Version: 0.2.1
Check: LazyData
Result: NOTE
     'LazyData' is specified without a 'data' directory
Flavors: r-devel-linux-x86_64-debian-clang, r-devel-linux-x86_64-debian-gcc, r-devel-linux-x86_64-fedora-clang, r-devel-linux-x86_64-fedora-gcc, r-patched-linux-x86_64, r-release-linux-x86_64, r-release-macos-arm64, r-release-macos-x86_64, r-release-windows-x86_64, r-oldrel-macos-arm64, r-oldrel-macos-x86_64, r-oldrel-windows-ix86+x86_64