CRAN Package Check Results for Package ibmAcousticR

Last updated on 2020-09-23 03:03:08 CEST.

Flavor Version Tinstall Tcheck Ttotal Status Flags
r-devel-linux-x86_64-debian-clang 0.2.1 2.90 27.32 30.22 OK
r-devel-linux-x86_64-debian-gcc 0.2.1 2.25 22.25 24.50 OK
r-devel-linux-x86_64-fedora-clang 0.2.1 45.93 OK
r-devel-linux-x86_64-fedora-gcc 0.2.1 36.75 OK
r-devel-windows-ix86+x86_64 0.2.1 6.00 46.00 52.00 OK
r-patched-linux-x86_64 0.2.1 3.14 27.32 30.46 OK
r-patched-solaris-x86 0.2.1 51.80 OK
r-release-linux-x86_64 0.2.1 3.08 27.38 30.46 OK
r-release-macos-x86_64 0.2.1 OK
r-release-windows-ix86+x86_64 0.2.1 6.00 50.00 56.00 OK
r-oldrel-macos-x86_64 0.2.1 ERROR
r-oldrel-windows-ix86+x86_64 0.1.2 4.00 32.00 36.00 OK

Check Details

Version: 0.2.1
Check: package dependencies
Result: ERROR
    Package required and available but unsuitable version: ‘XML’
    
    See section ‘The DESCRIPTION file’ in the ‘Writing R Extensions’
    manual.
Flavor: r-oldrel-macos-x86_64