CRAN Package Check Results for Package ibmAcousticR

Last updated on 2022-12-02 04:00:11 CET.

Flavor Version Tinstall Tcheck Ttotal Status Flags
r-devel-linux-x86_64-debian-clang 0.2.1 2.85 31.92 34.77 NOTE
r-devel-linux-x86_64-debian-gcc 0.2.1 2.62 24.97 27.59 NOTE
r-devel-linux-x86_64-fedora-clang 0.2.1 54.45 NOTE
r-devel-linux-x86_64-fedora-gcc 0.2.1 54.92 NOTE
r-devel-windows-x86_64 0.2.1 6.00 63.00 69.00 NOTE
r-patched-linux-x86_64 0.2.1 2.73 30.53 33.26 NOTE
r-release-linux-x86_64 0.2.1 2.67 31.94 34.61 NOTE
r-release-macos-arm64 0.2.1 19.00 NOTE
r-release-macos-x86_64 0.2.1 24.00 NOTE
r-release-windows-x86_64 0.2.1 23.00 62.00 85.00 NOTE
r-oldrel-macos-arm64 0.2.1 20.00 NOTE
r-oldrel-macos-x86_64 0.2.1 30.00 NOTE
r-oldrel-windows-ix86+x86_64 0.2.1 7.00 57.00 64.00 NOTE

Check Details

Version: 0.2.1
Check: LazyData
Result: NOTE
     'LazyData' is specified without a 'data' directory
Flavors: r-devel-linux-x86_64-debian-clang, r-devel-linux-x86_64-debian-gcc, r-devel-linux-x86_64-fedora-clang, r-devel-linux-x86_64-fedora-gcc, r-devel-windows-x86_64, r-patched-linux-x86_64, r-release-linux-x86_64, r-release-macos-arm64, r-release-macos-x86_64, r-release-windows-x86_64, r-oldrel-macos-arm64, r-oldrel-macos-x86_64, r-oldrel-windows-ix86+x86_64