CRAN Package Check Results for Package ibmsunburst

Last updated on 2021-10-17 13:50:44 CEST.

Flavor Version Tinstall Tcheck Ttotal Status Flags
r-devel-linux-x86_64-debian-clang 0.1.1 2.33 27.03 29.36 NOTE
r-devel-linux-x86_64-debian-gcc 0.1.1 1.87 21.73 23.60 NOTE
r-devel-linux-x86_64-fedora-clang 0.1.1 45.23 NOTE
r-devel-linux-x86_64-fedora-gcc 0.1.1 36.38 NOTE
r-devel-windows-x86_64 0.1.1 4.00 48.00 52.00 NOTE
r-devel-windows-x86_64-gcc10-UCRT 0.1.1 NOTE
r-patched-linux-x86_64 0.1.1 2.08 26.45 28.53 NOTE
r-patched-solaris-x86 0.1.1 57.50 NOTE
r-release-linux-x86_64 0.1.1 2.17 26.54 28.71 NOTE
r-release-macos-arm64 0.1.1 NOTE
r-release-macos-x86_64 0.1.1 WARN
r-release-windows-ix86+x86_64 0.1.1 7.00 43.00 50.00 NOTE
r-oldrel-macos-x86_64 0.1.1 WARN
r-oldrel-windows-ix86+x86_64 0.1.1 5.00 49.00 54.00 NOTE

Check Details

Version: 0.1.1
Check: LazyData
Result: NOTE
     'LazyData' is specified without a 'data' directory
Flavors: r-devel-linux-x86_64-debian-clang, r-devel-linux-x86_64-debian-gcc, r-devel-linux-x86_64-fedora-clang, r-devel-linux-x86_64-fedora-gcc, r-devel-windows-x86_64, r-devel-windows-x86_64-gcc10-UCRT, r-patched-linux-x86_64, r-patched-solaris-x86, r-release-linux-x86_64, r-release-macos-arm64, r-release-macos-x86_64, r-release-windows-ix86+x86_64

Version: 0.1.1
Check: package vignettes
Result: NOTE
    Package vignette with placeholder title 'Vignette Title':
     'ibmsunburst.Rmd'
Flavors: r-devel-linux-x86_64-debian-clang, r-devel-linux-x86_64-debian-gcc, r-devel-windows-x86_64, r-patched-linux-x86_64, r-release-linux-x86_64, r-release-windows-ix86+x86_64, r-oldrel-windows-ix86+x86_64

Version: 0.1.1
Check: re-building of vignette outputs
Result: WARN
    Error(s) in re-building vignettes:
     ...
    --- re-building ‘ibmsunburst.Rmd’ using rmarkdown
    Warning in engine$weave(file, quiet = quiet, encoding = enc) :
     Pandoc (>= 1.12.3) not available. Falling back to R Markdown v1.
    Quitting from lines 25-37 (ibmsunburst.Rmd)
    Error: processing vignette 'ibmsunburst.Rmd' failed with diagnostics:
    invalid 'path' argument
    --- failed re-building ‘ibmsunburst.Rmd’
    
    SUMMARY: processing the following file failed:
     ‘ibmsunburst.Rmd’
    
    Error: Vignette re-building failed.
    Execution halted
Flavor: r-release-macos-x86_64

Version: 0.1.1
Check: re-building of vignette outputs
Result: WARN
    Error(s) in re-building vignettes:
     ...
    --- re-building ‘ibmsunburst.Rmd’ using rmarkdown
    Warning in engine$weave(file, quiet = quiet, encoding = enc) :
     Pandoc (>= 1.12.3) and/or pandoc-citeproc not available. Falling back to R Markdown v1.
    Quitting from lines 25-37 (ibmsunburst.Rmd)
    Error: processing vignette 'ibmsunburst.Rmd' failed with diagnostics:
    cannot open the connection
    --- failed re-building ‘ibmsunburst.Rmd’
    
    SUMMARY: processing the following file failed:
     ‘ibmsunburst.Rmd’
    
    Error: Vignette re-building failed.
    Execution halted
Flavor: r-oldrel-macos-x86_64