CRAN Package Check Results for Package ibmsunburst

Last updated on 2019-05-24 12:51:47 CEST.

Flavor Version Tinstall Tcheck Ttotal Status Flags
r-devel-linux-x86_64-debian-clang 0.1.1 2.38 25.99 28.37 OK
r-devel-linux-x86_64-debian-gcc 0.1.1 1.41 21.09 22.50 OK
r-devel-linux-x86_64-fedora-clang 0.1.1 34.39 OK
r-devel-linux-x86_64-fedora-gcc 0.1.1 32.62 OK
r-devel-windows-ix86+x86_64 0.1.1 6.00 41.00 47.00 OK
r-patched-linux-x86_64 0.1.1 1.63 25.92 27.55 OK
r-patched-solaris-x86 0.1.1 54.10 WARN
r-release-linux-x86_64 0.1.1 2.14 25.91 28.05 OK
r-release-windows-ix86+x86_64 0.1.1 8.00 54.00 62.00 OK
r-release-osx-x86_64 0.1.1 WARN
r-oldrel-windows-ix86+x86_64 0.1.1 5.00 41.00 46.00 OK
r-oldrel-osx-x86_64 0.1.1 WARN

Check Details

Version: 0.1.1
Check: re-building of vignette outputs
Result: WARN
    Error(s) in re-building vignettes:
     ...
    --- re-building ‘ibmsunburst.Rmd’ using rmarkdown
    Warning in engine$weave(file, quiet = quiet, encoding = enc) :
     Pandoc (>= 1.12.3) and/or pandoc-citeproc not available. Falling back to R Markdown v1.
    Quitting from lines 25-37 (ibmsunburst.Rmd)
    Error: processing vignette 'ibmsunburst.Rmd' failed with diagnostics:
    there is no package called 'webshot'
    --- failed re-building ‘ibmsunburst.Rmd’
    
    SUMMARY: processing the following file failed:
     ‘ibmsunburst.Rmd’
    
    Error: Vignette re-building failed.
    Execution halted
Flavor: r-patched-solaris-x86

Version: 0.1.1
Check: re-building of vignette outputs
Result: WARN
    Error(s) in re-building vignettes:
     ...
    --- re-building ‘ibmsunburst.Rmd’ using rmarkdown
    Warning in engine$weave(file, quiet = quiet, encoding = enc) :
     Pandoc (>= 1.12.3) and/or pandoc-citeproc not available. Falling back to R Markdown v1.
    Quitting from lines 25-37 (ibmsunburst.Rmd)
    Error: processing vignette 'ibmsunburst.Rmd' failed with diagnostics:
    cannot open the connection
    --- failed re-building ‘ibmsunburst.Rmd’
    
    SUMMARY: processing the following file failed:
     ‘ibmsunburst.Rmd’
    
    Error: Vignette re-building failed.
    Execution halted
Flavor: r-release-osx-x86_64

Version: 0.1.1
Check: re-building of vignette outputs
Result: WARN
    Error in re-building vignettes:
     ...
    Warning in engine$weave(file, quiet = quiet, encoding = enc) :
     Pandoc (>= 1.12.3) and/or pandoc-citeproc not available. Falling back to R Markdown v1.
    Quitting from lines 25-37 (ibmsunburst.Rmd)
    Error: processing vignette 'ibmsunburst.Rmd' failed with diagnostics:
    cannot open the connection
    Execution halted
Flavor: r-oldrel-osx-x86_64