CRAN Package Check Results for Package ibr

Last updated on 2021-11-30 03:56:57 CET.

Flavor Version Tinstall Tcheck Ttotal Status Flags
r-devel-linux-x86_64-debian-clang 2.0-3 14.56 85.17 99.73 OK
r-devel-linux-x86_64-debian-gcc 2.0-3 11.97 65.79 77.76 OK
r-devel-linux-x86_64-fedora-clang 2.0-3 133.05 NOTE
r-devel-linux-x86_64-fedora-gcc 2.0-3 120.92 NOTE
r-devel-windows-x86_64-new-UL 2.0-3 35.00 123.00 158.00 OK
r-devel-windows-x86_64-new-TK 2.0-3 OK
r-devel-windows-x86_64-old 2.0-3 21.00 78.00 99.00 OK
r-patched-linux-x86_64 2.0-3 14.95 83.67 98.62 OK
r-patched-solaris-x86 2.0-3 162.10 OK
r-release-linux-x86_64 2.0-3 13.67 85.54 99.21 OK
r-release-macos-arm64 2.0-3 OK
r-release-macos-x86_64 2.0-3 OK
r-release-windows-ix86+x86_64 2.0-3 31.00 105.00 136.00 OK
r-oldrel-macos-x86_64 2.0-3 OK
r-oldrel-windows-ix86+x86_64 2.0-3 26.00 132.00 158.00 OK

Check Details

Version: 2.0-3
Check: foreign function calls
Result: NOTE
    Registration problems:
     symbol ‘nom1’ in the local frame:
     .C(nom1, as.double(xord), as.integer(length(xord)), as.double(yord),
     as.double(gridbw), as.integer(length(gridbw)), as.integer(effold),
     as.integer(neffold), double(length(gridbw)), double(length(gridbw)))
     symbol ‘nom2’ in the local frame:
     .C(nom2, as.double(x), as.integer(n), as.double(y), as.double(bandwidth),
     as.double(x), as.integer(n), double(n), double(1))
     symbol ‘nom2’ in the local frame:
     .C(nom2, as.double(x), as.integer(n), as.double(y), as.double(bandwidth),
     as.double(x), as.integer(n), double(n), double(1), double(n))
     symbol ‘nom’ in the local frame:
     .C(nom, as.double(x), as.integer(length(x)), as.double(y), as.double(object$bandwidth),
     as.double(newdata), as.integer(length(newdata)), double(length(newdata)),
     double(1))
     symbol ‘nom’ in the local frame:
     .C(nom, as.double(x), as.integer(length(x)), as.double(y), as.double(object$bandwidth),
     as.double(newdata), as.integer(length(newdata)), double(length(newdata)),
     double(1), double(length(newdata)))
    See chapter ‘System and foreign language interfaces’ in the ‘Writing R
    Extensions’ manual.
Flavors: r-devel-linux-x86_64-fedora-clang, r-devel-linux-x86_64-fedora-gcc