CRAN Package Check Results for Package icardaFIGSr

Last updated on 2021-10-17 01:51:06 CEST.

Flavor Version Tinstall Tcheck Ttotal Status Flags
r-devel-linux-x86_64-debian-clang 1.0.1 35.07 334.42 369.49 OK
r-devel-linux-x86_64-debian-gcc 1.0.1 31.03 243.59 274.62 OK
r-devel-linux-x86_64-fedora-clang 1.0.1 447.63 WARN
r-devel-linux-x86_64-fedora-gcc 1.0.1 281.72 NOTE
r-devel-windows-x86_64 1.0.1 45.00 170.00 215.00 OK
r-devel-windows-x86_64-gcc10-UCRT 1.0.1 ERROR
r-patched-linux-x86_64 1.0.1 38.63 312.30 350.93 OK
r-patched-solaris-x86 1.0.1 565.20 NOTE
r-release-linux-x86_64 1.0.1 34.89 314.04 348.93 OK
r-release-macos-arm64 1.0.1 ERROR
r-release-macos-x86_64 1.0.1 NOTE
r-release-windows-ix86+x86_64 1.0.1 84.00 356.00 440.00 OK
r-oldrel-macos-x86_64 1.0.1 NOTE
r-oldrel-windows-ix86+x86_64 1.0.1 54.00 229.00 283.00 OK

Check Details

Version: 1.0.1
Check: package dependencies
Result: WARN
    Requires orphaned package: ‘RGtk2’
Flavor: r-devel-linux-x86_64-fedora-clang

Version: 1.0.1
Check: dependencies in R code
Result: NOTE
    Namespace in Imports field not imported from: ‘methods’
     All declared Imports should be used.
Flavors: r-devel-linux-x86_64-fedora-clang, r-devel-linux-x86_64-fedora-gcc, r-patched-solaris-x86, r-release-macos-x86_64, r-oldrel-macos-x86_64

Version: 1.0.1
Check: package dependencies
Result: ERROR
    Packages required but not available: 'RGtk2', 'gWidgets2RGtk2'
    
    See section 'The DESCRIPTION file' in the 'Writing R Extensions'
    manual.
Flavors: r-devel-windows-x86_64-gcc10-UCRT, r-release-macos-arm64