CRAN Package Check Results for Package icd.data

Last updated on 2020-09-18 19:49:06 CEST.

Flavor Version Tinstall Tcheck Ttotal Status Flags
r-devel-linux-x86_64-debian-clang 1.0 57.53 36.17 93.70 OK
r-devel-linux-x86_64-debian-gcc 1.0 52.11 29.00 81.11 OK
r-devel-linux-x86_64-fedora-clang 1.0 136.98 NOTE
r-devel-linux-x86_64-fedora-gcc 1.0 127.22 NOTE
r-devel-windows-ix86+x86_64 1.0 81.00 45.00 126.00 OK
r-patched-linux-x86_64 1.0 56.92 34.46 91.38 OK
r-patched-solaris-x86 1.0 271.70 NOTE
r-release-linux-x86_64 1.0 60.60 35.55 96.15 OK
r-release-macos-x86_64 1.0 NOTE
r-release-windows-ix86+x86_64 1.0 85.00 42.00 127.00 OK
r-oldrel-macos-x86_64 1.0 NOTE
r-oldrel-windows-ix86+x86_64 1.0 77.00 56.00 133.00 OK

Check Details

Version: 1.0
Check: data for non-ASCII characters
Result: NOTE
     Note: found 55 marked UTF-8 strings
Flavors: r-devel-linux-x86_64-fedora-clang, r-devel-linux-x86_64-fedora-gcc, r-patched-solaris-x86, r-release-macos-x86_64, r-oldrel-macos-x86_64