CRAN Package Check Results for Package icecream

Last updated on 2021-10-19 13:53:24 CEST.

Flavor Version Tinstall Tcheck Ttotal Status Flags
r-devel-linux-x86_64-debian-clang 0.2.0 2.02 24.10 26.12 OK
r-devel-linux-x86_64-debian-gcc 0.2.0 1.76 18.73 20.49 OK
r-devel-linux-x86_64-fedora-clang 0.2.0 43.51 NOTE
r-devel-linux-x86_64-fedora-gcc 0.2.0 32.16 OK
r-devel-windows-x86_64 0.2.0 5.00 41.00 46.00 OK
r-devel-windows-x86_64-gcc10-UCRT 0.2.0 OK
r-patched-linux-x86_64 0.2.0 2.37 23.13 25.50 OK
r-patched-solaris-x86 0.2.0 49.90 OK
r-release-linux-x86_64 0.2.0 2.03 23.36 25.39 OK
r-release-macos-arm64 0.2.0 OK
r-release-macos-x86_64 0.2.0 OK
r-release-windows-ix86+x86_64 0.2.0 4.00 38.00 42.00 OK
r-oldrel-macos-x86_64 0.2.0 OK
r-oldrel-windows-ix86+x86_64 0.2.0 5.00 41.00 46.00 OK

Check Details

Version: 0.2.0
Check: Rd cross-references
Result: NOTE
    Undeclared package ‘tibble’ in Rd xrefs
Flavor: r-devel-linux-x86_64-fedora-clang